CRAN Package Check Results for Package RaMS

Last updated on 2024-03-03 19:56:32 CET.

Flavor Version Tinstall Tcheck Ttotal Status Flags
r-devel-linux-x86_64-debian-clang 1.3.4 5.24 206.19 211.43 OK
r-devel-linux-x86_64-debian-gcc 1.3.4 4.94 160.32 165.26 OK
r-devel-linux-x86_64-fedora-clang 1.4.0 267.02 OK
r-devel-linux-x86_64-fedora-gcc 1.3.4 282.52 OK
r-devel-windows-x86_64 1.3.4 6.00 194.00 200.00 OK
r-patched-linux-x86_64 1.3.4 7.52 207.63 215.15 OK
r-release-linux-x86_64 1.3.4 6.83 205.84 212.67 OK
r-release-macos-arm64 1.3.4 107.00 NOTE
r-release-macos-x86_64 1.4.0 210.00 NOTE
r-release-windows-x86_64 1.4.0 8.00 215.00 223.00 OK
r-oldrel-macos-arm64 1.3.4 110.00 NOTE
r-oldrel-windows-x86_64 1.3.4 8.00 236.00 244.00 OK

Check Details

Version: 1.3.4
Check: package dependencies
Result: NOTE Package suggested but not available for checking: ‘Spectra’ Flavors: r-release-macos-arm64, r-oldrel-macos-arm64

Version: 1.4.0
Check: package dependencies
Result: NOTE Package suggested but not available for checking: ‘Spectra’ Flavor: r-release-macos-x86_64