Last updated on 2025-05-08 20:49:45 CEST.
Flavor | Version | Tinstall | Tcheck | Ttotal | Status | Flags |
---|---|---|---|---|---|---|
r-devel-linux-x86_64-debian-clang | 1.0 | 5.01 | 44.70 | 49.71 | NOTE | |
r-devel-linux-x86_64-debian-gcc | 1.0 | 3.51 | 32.69 | 36.20 | NOTE | |
r-devel-linux-x86_64-fedora-clang | 1.0 | 67.54 | OK | |||
r-devel-linux-x86_64-fedora-gcc | 1.0 | 74.05 | OK | |||
r-devel-windows-x86_64 | 1.0 | 7.00 | 60.00 | 67.00 | OK | |
r-patched-linux-x86_64 | 1.0 | 5.02 | 40.51 | 45.53 | OK | |
r-release-linux-x86_64 | 1.0 | 3.89 | 40.87 | 44.76 | OK | |
r-release-macos-arm64 | 1.0 | 25.00 | OK | |||
r-release-macos-x86_64 | 1.0 | 45.00 | OK | |||
r-release-windows-x86_64 | 1.0 | 7.00 | 61.00 | 68.00 | OK | |
r-oldrel-macos-arm64 | 1.0 | 25.00 | OK | |||
r-oldrel-macos-x86_64 | 1.0 | 45.00 | OK | |||
r-oldrel-windows-x86_64 | 1.0 | 8.00 | 70.00 | 78.00 | OK |
Version: 1.0
Check: CRAN incoming feasibility
Result: NOTE
Maintainer: ‘Erica Ponzi <erica.ponzi@medisin.uio.no>’
The Description field contains
<arXiv:2101.09110>.
Please refer to arXiv e-prints via their arXiv DOI <doi:10.48550/arXiv.YYMM.NNNNN>.
Flavors: r-devel-linux-x86_64-debian-clang, r-devel-linux-x86_64-debian-gcc