Last updated on 2024-03-28 19:48:44 CET.
Flavor | Version | Tinstall | Tcheck | Ttotal | Status | Flags |
---|---|---|---|---|---|---|
r-devel-linux-x86_64-debian-clang | 2.3 | 6.13 | 52.10 | 58.23 | NOTE | |
r-devel-linux-x86_64-debian-gcc | 2.3 | 5.99 | 39.49 | 45.48 | NOTE | |
r-devel-linux-x86_64-fedora-clang | 2.3 | 72.95 | NOTE | |||
r-devel-linux-x86_64-fedora-gcc | 2.3 | 71.93 | NOTE | |||
r-devel-windows-x86_64 | 2.3 | 6.00 | 68.00 | 74.00 | NOTE | |
r-patched-linux-x86_64 | 2.3 | 8.45 | 51.54 | 59.99 | NOTE | |
r-release-linux-x86_64 | 2.3 | 6.70 | 52.08 | 58.78 | OK | |
r-release-macos-arm64 | 2.3 | 25.00 | OK | |||
r-release-macos-x86_64 | 2.3 | 82.00 | OK | |||
r-release-windows-x86_64 | 2.3 | 6.00 | 72.00 | 78.00 | OK | |
r-oldrel-macos-arm64 | 2.3 | 30.00 | OK | |||
r-oldrel-windows-x86_64 | 2.3 | 9.00 | 67.00 | 76.00 | OK |
Version: 2.3
Check: Rd files
Result: NOTE
checkRd: (-1) plot.eff.ridge.Rd:6: Lost braces
6 | emph{Single Interior Knot} at the MSE Optimal m-Extent of Shrinkage. The
| ^
Flavors: r-devel-linux-x86_64-debian-clang, r-devel-linux-x86_64-debian-gcc, r-devel-linux-x86_64-fedora-clang, r-devel-linux-x86_64-fedora-gcc, r-devel-windows-x86_64, r-patched-linux-x86_64