Last updated on 2025-05-03 21:51:31 CEST.
Flavor | Version | Tinstall | Tcheck | Ttotal | Status | Flags |
---|---|---|---|---|---|---|
r-devel-linux-x86_64-debian-clang | 0.1.2 | 30.94 | 275.84 | 306.78 | OK | |
r-devel-linux-x86_64-debian-gcc | 0.1.2 | 18.44 | 183.81 | 202.25 | OK | |
r-devel-linux-x86_64-fedora-clang | 0.1.2 | 480.04 | OK | |||
r-devel-linux-x86_64-fedora-gcc | 0.1.2 | 489.55 | OK | |||
r-devel-windows-x86_64 | 0.1.2 | 26.00 | 226.00 | 252.00 | OK | |
r-patched-linux-x86_64 | 0.1.2 | 25.27 | 263.31 | 288.58 | OK | |
r-release-linux-x86_64 | OK | |||||
r-release-macos-arm64 | 0.1.2 | 117.00 | OK | |||
r-release-macos-x86_64 | 0.1.2 | 259.00 | OK | |||
r-release-windows-x86_64 | 0.1.2 | 26.00 | 211.00 | 237.00 | OK | |
r-oldrel-macos-arm64 | 0.1.2 | 96.00 | OK | |||
r-oldrel-macos-x86_64 | 0.1.2 | 168.00 | OK | |||
r-oldrel-windows-x86_64 | 0.1.2 | 34.00 | 279.00 | 313.00 | WARN |
Version: 0.1.2
Check: whether the namespace can be loaded with stated dependencies
Result: WARN
A namespace must be able to be loaded with just the base namespace
loaded: otherwise if the namespace gets loaded by a saved object, the
session will be unable to start.
Probably some imports need to be declared in the NAMESPACE file.
Flavor: r-oldrel-windows-x86_64