Last updated on 2025-05-09 20:50:02 CEST.
Flavor | Version | Tinstall | Tcheck | Ttotal | Status | Flags |
---|---|---|---|---|---|---|
r-devel-linux-x86_64-debian-clang | 1.0.0 | 2.74 | 27.91 | 30.65 | NOTE | |
r-devel-linux-x86_64-debian-gcc | 1.0.0 | 2.03 | 21.78 | 23.81 | NOTE | |
r-devel-linux-x86_64-fedora-clang | 1.0.0 | 48.59 | OK | |||
r-devel-linux-x86_64-fedora-gcc | 1.0.0 | 46.47 | OK | |||
r-devel-windows-x86_64 | 1.0.0 | 4.00 | 46.00 | 50.00 | OK | |
r-patched-linux-x86_64 | 1.0.0 | 2.91 | 26.67 | 29.58 | OK | |
r-release-linux-x86_64 | 1.0.0 | 2.68 | 26.85 | 29.53 | OK | |
r-release-macos-arm64 | 1.0.0 | 23.00 | OK | |||
r-release-macos-x86_64 | 1.0.0 | 36.00 | OK | |||
r-release-windows-x86_64 | 1.0.0 | 5.00 | 49.00 | 54.00 | OK | |
r-oldrel-macos-arm64 | 1.0.0 | 19.00 | OK | |||
r-oldrel-macos-x86_64 | 1.0.0 | 48.00 | OK | |||
r-oldrel-windows-x86_64 | 1.0.0 | 5.00 | 53.00 | 58.00 | OK |
Version: 1.0.0
Check: CRAN incoming feasibility
Result: NOTE
Maintainer: ‘Mafalda Sá Ferreira <msm.ferreira@campus.fct.unl.pt>’
The Description field contains
<arXiv:2112.07508v3> and Oliveira et al. (2021) <arXiv:2102.05373v2>.
Please refer to arXiv e-prints via their arXiv DOI <doi:10.48550/arXiv.YYMM.NNNNN>.
Flavors: r-devel-linux-x86_64-debian-clang, r-devel-linux-x86_64-debian-gcc