CRAN Package Check Results for Package RWgraph

Last updated on 2025-11-23 20:49:01 CET.

Flavor Version Tinstall Tcheck Ttotal Status Flags
r-devel-linux-x86_64-debian-clang 1.0.0 2.76 29.89 32.65 NOTE
r-devel-linux-x86_64-debian-gcc 1.0.0 1.94 23.35 25.29 NOTE
r-devel-linux-x86_64-fedora-clang 1.0.0 49.59 OK
r-devel-windows-x86_64 1.0.0 7.00 46.00 53.00 OK
r-patched-linux-x86_64 1.0.0 2.68 28.41 31.09 OK
r-release-linux-x86_64 1.0.0 2.87 28.14 31.01 OK
r-release-macos-arm64 1.0.0 OK
r-release-macos-x86_64 1.0.0 2.00 34.00 36.00 OK
r-release-windows-x86_64 1.0.0 5.00 60.00 65.00 OK
r-oldrel-macos-arm64 1.0.0 OK
r-oldrel-macos-x86_64 1.0.0 4.00 44.00 48.00 OK
r-oldrel-windows-x86_64 1.0.0 6.00 54.00 60.00 OK

Check Details

Version: 1.0.0
Check: CRAN incoming feasibility
Result: NOTE Maintainer: ‘Mafalda Sá Ferreira <msm.ferreira@campus.fct.unl.pt>’ The Description field contains <arXiv:2112.07508v3> and Oliveira et al. (2021) <arXiv:2102.05373v2>. Please refer to arXiv e-prints via their arXiv DOI <doi:10.48550/arXiv.YYMM.NNNNN>. Flavors: r-devel-linux-x86_64-debian-clang, r-devel-linux-x86_64-debian-gcc