CRAN Package Check Results for Package RVenn

Last updated on 2024-06-20 20:49:20 CEST.

Flavor Version Tinstall Tcheck Ttotal Status Flags
r-devel-linux-x86_64-debian-clang 1.1.0 4.67 75.68 80.35 NOTE
r-devel-linux-x86_64-debian-gcc 1.1.0 3.89 59.08 62.97 NOTE
r-devel-linux-x86_64-fedora-clang 1.1.0 105.53 NOTE
r-devel-linux-x86_64-fedora-gcc 1.1.0 114.80 NOTE
r-devel-windows-x86_64 1.1.0 6.00 66.00 72.00 NOTE
r-patched-linux-x86_64 1.1.0 5.31 75.40 80.71 NOTE
r-release-linux-x86_64 1.1.0 5.59 75.27 80.86 NOTE
r-release-macos-arm64 1.1.0 32.00 NOTE
r-release-macos-x86_64 1.1.0 53.00 NOTE
r-release-windows-x86_64 1.1.0 6.00 66.00 72.00 NOTE
r-oldrel-macos-arm64 1.1.0 32.00 NOTE
r-oldrel-macos-x86_64 1.1.0 48.00 NOTE
r-oldrel-windows-x86_64 1.1.0 7.00 75.00 82.00 NOTE

Check Details

Version: 1.1.0
Check: LazyData
Result: NOTE 'LazyData' is specified without a 'data' directory Flavors: r-devel-linux-x86_64-debian-clang, r-devel-linux-x86_64-debian-gcc, r-devel-linux-x86_64-fedora-clang, r-devel-linux-x86_64-fedora-gcc, r-devel-windows-x86_64, r-patched-linux-x86_64, r-release-linux-x86_64, r-release-macos-arm64, r-release-macos-x86_64, r-release-windows-x86_64, r-oldrel-macos-arm64, r-oldrel-macos-x86_64, r-oldrel-windows-x86_64