Last updated on 2024-03-28 19:48:44 CET.
Flavor | Version | Tinstall | Tcheck | Ttotal | Status | Flags |
---|---|---|---|---|---|---|
r-devel-linux-x86_64-debian-clang | 2.1.0 | 20.97 | 225.33 | 246.30 | OK | |
r-devel-linux-x86_64-debian-gcc | 2.1.0 | 18.29 | 167.80 | 186.09 | OK | |
r-devel-linux-x86_64-fedora-clang | 2.1.0 | 342.03 | OK | |||
r-devel-linux-x86_64-fedora-gcc | 2.1.0 | 333.58 | OK | |||
r-devel-windows-x86_64 | 2.1.0 | 20.00 | 162.00 | 182.00 | OK | |
r-patched-linux-x86_64 | 2.1.0 | 23.86 | 217.05 | 240.91 | OK | |
r-release-linux-x86_64 | 2.1.0 | 21.53 | 222.91 | 244.44 | OK | |
r-release-macos-arm64 | 2.1.0 | 86.00 | NOTE | |||
r-release-macos-x86_64 | 2.1.0 | 132.00 | NOTE | |||
r-release-windows-x86_64 | 2.1.0 | 28.00 | 215.00 | 243.00 | OK | |
r-oldrel-macos-arm64 | 2.1.0 | 90.00 | OK | |||
r-oldrel-windows-x86_64 | 2.1.0 | 27.00 | 211.00 | 238.00 | OK |
Version: 2.1.0
Check: package dependencies
Result: NOTE
Package suggested but not available for checking: ‘Gviz’
Flavors: r-release-macos-arm64, r-release-macos-x86_64