Last updated on 2023-01-30 20:55:57 CET.
Flavor | Version | Tinstall | Tcheck | Ttotal | Status | Flags |
---|---|---|---|---|---|---|
r-devel-linux-x86_64-debian-clang | 0.4.1 | 6.17 | 56.20 | 62.37 | NOTE | |
r-devel-linux-x86_64-debian-gcc | 0.4.1 | 5.46 | 41.30 | 46.76 | NOTE | |
r-devel-linux-x86_64-fedora-clang | 0.4.1 | 76.86 | NOTE | |||
r-devel-linux-x86_64-fedora-gcc | 0.4.1 | 95.26 | NOTE | |||
r-devel-windows-x86_64 | 0.4.1 | 28.00 | 89.00 | 117.00 | NOTE | |
r-patched-linux-x86_64 | 0.4.1 | 4.67 | 53.85 | 58.52 | NOTE | |
r-release-linux-x86_64 | 0.4.1 | 4.65 | 53.82 | 58.47 | NOTE | |
r-release-macos-arm64 | 0.4.1 | 32.00 | NOTE | |||
r-release-macos-x86_64 | 0.4.1 | 55.00 | NOTE | |||
r-release-windows-x86_64 | 0.4.1 | 22.00 | 90.00 | 112.00 | NOTE | |
r-oldrel-macos-arm64 | 0.4.1 | 39.00 | NOTE | |||
r-oldrel-macos-x86_64 | 0.4.1 | 50.00 | NOTE | |||
r-oldrel-windows-ix86+x86_64 | 0.4.1 | 17.00 | 85.00 | 102.00 | NOTE |
Version: 0.4.1
Check: LazyData
Result: NOTE
'LazyData' is specified without a 'data' directory
Flavors: r-devel-linux-x86_64-debian-clang, r-devel-linux-x86_64-debian-gcc, r-devel-linux-x86_64-fedora-clang, r-devel-linux-x86_64-fedora-gcc, r-devel-windows-x86_64, r-patched-linux-x86_64, r-release-linux-x86_64, r-release-macos-arm64, r-release-macos-x86_64, r-release-windows-x86_64, r-oldrel-macos-arm64, r-oldrel-macos-x86_64, r-oldrel-windows-ix86+x86_64