CRAN Package Check Results for Package RSelenium

Last updated on 2024-03-03 19:56:34 CET.

Flavor Version Tinstall Tcheck Ttotal Status Flags
r-devel-linux-x86_64-debian-clang 1.7.9 4.15 47.27 51.42 NOTE
r-devel-linux-x86_64-debian-gcc 1.7.9 2.95 36.06 39.01 NOTE
r-devel-linux-x86_64-fedora-clang 1.7.9 67.16 NOTE
r-devel-linux-x86_64-fedora-gcc 1.7.9 78.09 NOTE
r-devel-windows-x86_64 1.7.9 5.00 58.00 63.00 OK
r-patched-linux-x86_64 1.7.9 5.15 46.11 51.26 OK
r-release-linux-x86_64 1.7.9 5.03 46.34 51.37 OK
r-release-macos-arm64 1.7.9 35.00 OK
r-release-macos-x86_64 1.7.9 48.00 OK
r-release-windows-x86_64 1.7.9 7.00 64.00 71.00 OK
r-oldrel-macos-arm64 1.7.9 28.00 OK
r-oldrel-windows-x86_64 1.7.9 9.00 65.00 74.00 OK

Check Details

Version: 1.7.9
Check: Rd files
Result: NOTE checkRd: (-1) remoteDriver-class.Rd:39-40: Lost braces 39 | browser being used; should be one of {chrome|firefox|htmlunit| | ^ checkRd: (-1) remoteDriver-class.Rd:50: Lost braces; missing escapes or markup? 50 | of {WINDOWS|XP|VISTA|MAC|LINUX|UNIX}. When requesting a new session, | ^ checkRd: (-1) remoteDriver-class.Rd:194-196: Lost braces 194 | element, available schemes: {"class name", "css selector", | ^ checkRd: (-1) webElement-class.Rd:50-52: Lost braces 50 | element, available schemes: {"class name", "css selector", | ^ checkRd: (-1) webElement-class.Rd:67-69: Lost braces 67 | element, available schemes: {"class name", "css selector", | ^ Flavors: r-devel-linux-x86_64-debian-clang, r-devel-linux-x86_64-debian-gcc, r-devel-linux-x86_64-fedora-clang, r-devel-linux-x86_64-fedora-gcc