CRAN Package Check Results for Package RSclient

Last updated on 2022-10-06 21:50:05 CEST.

Flavor Version Tinstall Tcheck Ttotal Status Flags
r-devel-linux-x86_64-debian-clang 0.7-8 4.10 22.76 26.86 WARN
r-devel-linux-x86_64-debian-gcc 0.7-8 3.40 17.91 21.31 WARN
r-devel-linux-x86_64-fedora-clang 0.7-8 45.15 WARN
r-devel-linux-x86_64-fedora-gcc 0.7-8 42.53 WARN
r-devel-windows-x86_64 0.7-8 20.00 72.00 92.00 OK
r-patched-linux-x86_64 0.7-8 3.92 21.93 25.85 WARN
r-release-linux-x86_64 0.7-8 3.94 21.74 25.68 WARN
r-release-macos-arm64 0.7-8 16.00 OK
r-release-macos-x86_64 0.7-8 21.00 OK
r-release-windows-x86_64 0.7-8 13.00 69.00 82.00 OK
r-oldrel-macos-arm64 0.7-8 14.00 OK
r-oldrel-macos-x86_64 0.7-8 21.00 OK
r-oldrel-windows-ix86+x86_64 0.7-8 16.00 57.00 73.00 NOTE

Additional issues

rchk

Check Details

Version: 0.7-8
Check: whether package can be installed
Result: WARN
    Found the following significant warnings:
     cli.c:1152:19: warning: 'RSA_size' is deprecated [-Wdeprecated-declarations]
     cli.c:1152:42: warning: 'RSA_size' is deprecated [-Wdeprecated-declarations]
     cli.c:1153:11: warning: 'RSA_public_encrypt' is deprecated [-Wdeprecated-declarations]
     cli.c:1194:11: warning: 'd2i_RSAPublicKey' is deprecated [-Wdeprecated-declarations]
Flavor: r-devel-linux-x86_64-debian-clang

Version: 0.7-8
Check: whether package can be installed
Result: WARN
    Found the following significant warnings:
     cli.c:1152:9: warning: ‘RSA_size’ is deprecated: Since OpenSSL 3.0 [-Wdeprecated-declarations]
     cli.c:1153:9: warning: ‘RSA_public_encrypt’ is deprecated: Since OpenSSL 3.0 [-Wdeprecated-declarations]
     cli.c:1194:5: warning: ‘d2i_RSAPublicKey’ is deprecated: Since OpenSSL 3.0 [-Wdeprecated-declarations]
Flavors: r-devel-linux-x86_64-debian-gcc, r-patched-linux-x86_64, r-release-linux-x86_64

Version: 0.7-8
Check: whether package can be installed
Result: WARN
    Found the following significant warnings:
     cli.c:172:21: warning: a function declaration without a prototype is deprecated in all versions of C [-Wstrict-prototypes]
     cli.c:211:27: warning: a function declaration without a prototype is deprecated in all versions of C [-Wstrict-prototypes]
     cli.c:1152:19: warning: 'RSA_size' is deprecated [-Wdeprecated-declarations]
     cli.c:1152:42: warning: 'RSA_size' is deprecated [-Wdeprecated-declarations]
     cli.c:1153:11: warning: 'RSA_public_encrypt' is deprecated [-Wdeprecated-declarations]
     cli.c:1194:11: warning: 'd2i_RSAPublicKey' is deprecated [-Wdeprecated-declarations]
     dummy.c:5:31: warning: a function declaration without a prototype is deprecated in all versions of C [-Wstrict-prototypes]
     dummy.c:6:32: warning: a function declaration without a prototype is deprecated in all versions of C [-Wstrict-prototypes]
     dummy.c:8:11: warning: a function declaration without a prototype is deprecated in all versions of C [-Wstrict-prototypes]
Flavor: r-devel-linux-x86_64-fedora-clang

Version: 0.7-8
Check: whether package can be installed
Result: WARN
    Found the following significant warnings:
     cli.c:172:13: warning: function declaration isn’t a prototype [-Wstrict-prototypes]
     cli.c:211:18: warning: function declaration isn’t a prototype [-Wstrict-prototypes]
     cli.c:1152:9: warning: ‘RSA_size’ is deprecated: Since OpenSSL 3.0 [-Wdeprecated-declarations]
     cli.c:1153:9: warning: ‘RSA_public_encrypt’ is deprecated: Since OpenSSL 3.0 [-Wdeprecated-declarations]
     cli.c:1194:5: warning: ‘d2i_RSAPublicKey’ is deprecated: Since OpenSSL 3.0 [-Wdeprecated-declarations]
     dummy.c:5:1: warning: function declaration isn’t a prototype [-Wstrict-prototypes]
     dummy.c:6:1: warning: function declaration isn’t a prototype [-Wstrict-prototypes]
     dummy.c:8:6: warning: function declaration isn’t a prototype [-Wstrict-prototypes]
Flavor: r-devel-linux-x86_64-fedora-gcc

Version: 0.7-8
Check: installed package size
Result: NOTE
     installed size is 5.6Mb
     sub-directories of 1Mb or more:
     libs 5.5Mb
Flavor: r-oldrel-windows-ix86+x86_64