Last updated on 2024-04-19 20:56:50 CEST.
Flavor | Version | Tinstall | Tcheck | Ttotal | Status | Flags |
---|---|---|---|---|---|---|
r-devel-linux-x86_64-debian-clang | 0.4 | 40.19 | 300.86 | 341.05 | OK | |
r-devel-linux-x86_64-debian-gcc | 0.4 | OK | ||||
r-devel-linux-x86_64-fedora-clang | 0.4 | 448.88 | NOTE | |||
r-devel-linux-x86_64-fedora-gcc | 0.4 | 432.98 | OK | |||
r-prerel-macos-arm64 | 0.4 | 113.00 | OK | |||
r-prerel-windows-x86_64 | 0.4 | 34.00 | 201.00 | 235.00 | OK | |
r-patched-linux-x86_64 | 0.4 | 34.34 | 289.39 | 323.73 | OK | |
r-release-linux-x86_64 | 0.4 | 41.38 | 291.92 | 333.30 | OK | |
r-release-macos-arm64 | 0.4 | 117.00 | OK | |||
r-release-macos-x86_64 | 0.4 | 153.00 | OK | |||
r-release-windows-x86_64 | 0.4 | 41.00 | 252.00 | 293.00 | OK | |
r-oldrel-macos-arm64 | 0.4 | 103.00 | OK | |||
r-oldrel-windows-x86_64 | 0.4 | 42.00 | 246.00 | 288.00 | OK |
Version: 0.4
Check: package dependencies
Result: NOTE
Imports includes 28 non-default packages.
Importing from so many packages makes the package vulnerable to any of
them becoming unavailable. Move as many as possible to Suggests and
use conditionally.
Flavor: r-devel-linux-x86_64-fedora-clang