Last updated on 2024-03-28 19:48:44 CET.
Flavor | Version | Tinstall | Tcheck | Ttotal | Status | Flags |
---|---|---|---|---|---|---|
r-devel-linux-x86_64-debian-clang | 3.2.1 | 27.93 | 301.67 | 329.60 | OK | |
r-devel-linux-x86_64-debian-gcc | 3.2.1 | 22.64 | 216.94 | 239.58 | OK | |
r-devel-linux-x86_64-fedora-clang | 3.2.1 | 394.88 | NOTE | |||
r-devel-linux-x86_64-fedora-gcc | 3.2.1 | 398.95 | OK | |||
r-devel-windows-x86_64 | 3.2.1 | 26.00 | 235.00 | 261.00 | NOTE | |
r-patched-linux-x86_64 | 3.2.1 | 18.31 | 286.48 | 304.79 | OK | |
r-release-linux-x86_64 | 3.2.1 | 25.23 | 279.37 | 304.60 | OK | |
r-release-macos-arm64 | 3.2.1 | 103.00 | NOTE | |||
r-release-macos-x86_64 | 3.2.1 | 213.00 | NOTE | |||
r-release-windows-x86_64 | 3.2.1 | 33.00 | 310.00 | 343.00 | NOTE | |
r-oldrel-macos-arm64 | 3.2.1 | 129.00 | NOTE | |||
r-oldrel-windows-x86_64 | 3.2.1 | 34.00 | 268.00 | 302.00 | NOTE |
Version: 3.2.1
Check: package dependencies
Result: NOTE
Imports includes 31 non-default packages.
Importing from so many packages makes the package vulnerable to any of
them becoming unavailable. Move as many as possible to Suggests and
use conditionally.
Flavor: r-devel-linux-x86_64-fedora-clang
Version: 3.2.1
Check: installed package size
Result: NOTE
installed size is 5.2Mb
sub-directories of 1Mb or more:
doc 4.2Mb
Flavors: r-devel-linux-x86_64-fedora-clang, r-devel-windows-x86_64, r-release-macos-arm64, r-release-macos-x86_64, r-release-windows-x86_64, r-oldrel-macos-arm64, r-oldrel-windows-x86_64