Last updated on 2024-03-27 19:57:04 CET.
Flavor | Version | Tinstall | Tcheck | Ttotal | Status | Flags |
---|---|---|---|---|---|---|
r-devel-linux-x86_64-debian-clang | 2.8.0 | 28.18 | 300.39 | 328.57 | OK | |
r-devel-linux-x86_64-debian-gcc | 2.8.0 | 22.19 | 221.61 | 243.80 | OK | |
r-devel-linux-x86_64-fedora-clang | 2.8.0 | 434.50 | NOTE | |||
r-devel-linux-x86_64-fedora-gcc | 2.8.0 | 422.93 | OK | |||
r-devel-windows-x86_64 | 2.8.0 | 26.00 | 253.00 | 279.00 | NOTE | |
r-patched-linux-x86_64 | 2.8.0 | 35.28 | 288.72 | 324.00 | OK | |
r-release-linux-x86_64 | 2.8.0 | 30.59 | 293.88 | 324.47 | OK | |
r-release-macos-arm64 | 2.8.0 | 137.00 | NOTE | |||
r-release-macos-x86_64 | 2.8.0 | 193.00 | NOTE | |||
r-release-windows-x86_64 | 2.8.0 | 34.00 | 313.00 | 347.00 | NOTE | |
r-oldrel-macos-arm64 | 2.8.0 | 123.00 | NOTE | |||
r-oldrel-windows-x86_64 | 2.8.0 | 35.00 | 310.00 | 345.00 | NOTE |
Version: 2.8.0
Check: installed package size
Result: NOTE
installed size is 5.3Mb
sub-directories of 1Mb or more:
doc 3.6Mb
Flavors: r-devel-linux-x86_64-fedora-clang, r-devel-windows-x86_64, r-release-macos-arm64, r-release-macos-x86_64, r-release-windows-x86_64, r-oldrel-macos-arm64, r-oldrel-windows-x86_64