CRAN Package Check Results for Package RRI

Last updated on 2025-11-23 20:49:01 CET.

Flavor Version Tinstall Tcheck Ttotal Status Flags
r-devel-linux-x86_64-debian-clang 1.1 22.26 36.77 59.03 NOTE
r-devel-linux-x86_64-debian-gcc 1.1 15.71 28.06 43.77 NOTE
r-devel-linux-x86_64-fedora-clang 1.1 49.00 52.75 101.75 NOTE
r-devel-windows-x86_64 1.1 31.00 71.00 102.00 NOTE
r-patched-linux-x86_64 1.1 24.87 34.15 59.02 NOTE
r-release-linux-x86_64 1.1 25.09 33.92 59.01 NOTE
r-release-macos-arm64 1.1 NOTE
r-release-macos-x86_64 1.1 15.00 35.00 50.00 NOTE
r-release-windows-x86_64 1.1 27.00 84.00 111.00 NOTE
r-oldrel-macos-arm64 1.1 NOTE
r-oldrel-macos-x86_64 1.1 19.00 32.00 51.00 NOTE
r-oldrel-windows-x86_64 1.1 34.00 82.00 116.00 NOTE

Check Details

Version: 1.1
Check: CRAN incoming feasibility
Result: NOTE Maintainer: ‘Panos Toulis <panos.toulis@chicagobooth.edu>’ No Authors@R field in DESCRIPTION. Please add one, modifying Authors@R: person(given = "Panos", family = "Toulis", role = c("aut", "cre"), email = "panos.toulis@chicagobooth.edu") as necessary. Flavors: r-devel-linux-x86_64-debian-clang, r-devel-linux-x86_64-debian-gcc

Version: 1.1
Check: Rd files
Result: NOTE checkRd: (-1) rrinf_clust.Rd:24: Lost braces; missing escapes or markup? 24 | \item{clustering}{A \code{List} that specifies a clustering of datapoint indexes {1, ..., n}. See \link{example_clustering} for details.} | ^ checkRd: (-1) rrtest_clust.Rd:21: Lost braces; missing escapes or markup? 21 | \item{clustering}{A \code{List} that specifies a clustering of datapoint indexes {1, ..., n}. | ^ Flavors: r-devel-linux-x86_64-debian-clang, r-devel-linux-x86_64-debian-gcc, r-devel-linux-x86_64-fedora-clang, r-devel-windows-x86_64, r-patched-linux-x86_64, r-release-linux-x86_64, r-release-macos-arm64, r-release-macos-x86_64, r-release-windows-x86_64, r-oldrel-macos-arm64, r-oldrel-macos-x86_64, r-oldrel-windows-x86_64

Version: 1.1
Check: LazyData
Result: NOTE 'LazyData' is specified without a 'data' directory Flavors: r-oldrel-macos-arm64, r-oldrel-macos-x86_64, r-oldrel-windows-x86_64