CRAN Package Check Results for Package RQuantLib

Last updated on 2022-10-03 21:53:48 CEST.

Flavor Version Tinstall Tcheck Ttotal Status Flags
r-devel-linux-x86_64-debian-clang 0.4.16 727.17 61.62 788.79 OK
r-devel-linux-x86_64-debian-gcc 0.4.16 806.50 46.52 853.02 OK
r-devel-windows-x86_64 0.4.16 15021.00 154.00 15175.00 NOTE
r-patched-linux-x86_64 0.4.16 845.89 58.91 904.80 OK
r-release-linux-x86_64 0.4.16 867.88 56.49 924.37 OK
r-release-macos-arm64 0.4.16 286.00 NOTE
r-release-macos-x86_64 0.4.16 367.00 NOTE
r-release-windows-x86_64 0.4.16 15422.00 164.00 15586.00 NOTE
r-oldrel-macos-arm64 0.4.16 283.00 NOTE
r-oldrel-macos-x86_64 0.4.16 351.00 NOTE
r-oldrel-windows-ix86+x86_64 0.4.16 2390.00 193.00 2583.00 NOTE

Check Details

Version: 0.4.16
Check: installed package size
Result: NOTE
     installed size is 14.5Mb
     sub-directories of 1Mb or more:
     libs 13.9Mb
Flavors: r-devel-windows-x86_64, r-release-macos-arm64, r-release-macos-x86_64, r-release-windows-x86_64, r-oldrel-macos-arm64, r-oldrel-macos-x86_64, r-oldrel-windows-ix86+x86_64