CRAN Package Check Results for Package RPPASPACE

Last updated on 2023-01-27 20:49:22 CET.

Flavor Version Tinstall Tcheck Ttotal Status Flags
r-devel-linux-x86_64-debian-clang 1.0.8 19.15 137.42 156.57 OK
r-devel-linux-x86_64-debian-gcc 1.0.8 17.09 104.47 121.56 OK
r-devel-linux-x86_64-fedora-clang 1.0.8 202.25 NOTE
r-devel-linux-x86_64-fedora-gcc 1.0.8 217.05 NOTE
r-devel-windows-x86_64 1.0.8 83.00 166.00 249.00 OK
r-patched-linux-x86_64 1.0.8 21.93 131.22 153.15 OK
r-release-linux-x86_64 1.0.8 18.44 132.40 150.84 OK
r-release-macos-arm64 1.0.8 67.00 NOTE
r-release-macos-x86_64 1.0.8 72.00 NOTE
r-release-windows-x86_64 1.0.8 82.00 172.00 254.00 OK
r-oldrel-macos-arm64 1.0.8 70.00 NOTE
r-oldrel-macos-x86_64 1.0.8 65.00 NOTE
r-oldrel-windows-ix86+x86_64 1.0.8 37.00 163.00 200.00 OK

Check Details

Version: 1.0.8
Check: dependencies in R code
Result: NOTE
    Namespaces in Imports field not imported from:
     ‘SparseM’ ‘nlme’ ‘timeDate’
     All declared Imports should be used.
Flavors: r-devel-linux-x86_64-fedora-clang, r-devel-linux-x86_64-fedora-gcc, r-release-macos-arm64, r-release-macos-x86_64, r-oldrel-macos-arm64, r-oldrel-macos-x86_64