Last updated on 2025-07-26 21:50:04 CEST.
Flavor | Version | Tinstall | Tcheck | Ttotal | Status | Flags |
---|---|---|---|---|---|---|
r-devel-linux-x86_64-debian-clang | 1.0.10 | 14.90 | 111.42 | 126.32 | OK | |
r-devel-linux-x86_64-debian-gcc | 1.0.10 | 11.08 | 80.09 | 91.17 | OK | |
r-devel-linux-x86_64-fedora-clang | 1.0.10 | 201.59 | NOTE | |||
r-devel-linux-x86_64-fedora-gcc | 1.0.10 | 206.20 | NOTE | |||
r-devel-windows-x86_64 | 1.0.10 | 17.00 | 133.00 | 150.00 | OK | |
r-patched-linux-x86_64 | 1.0.10 | 16.93 | 107.63 | 124.56 | OK | |
r-release-linux-x86_64 | 1.0.10 | 15.22 | 107.91 | 123.13 | OK | |
r-release-macos-arm64 | 1.0.10 | 73.00 | OK | |||
r-release-macos-x86_64 | 1.0.10 | 131.00 | OK | |||
r-release-windows-x86_64 | 1.0.10 | 18.00 | 125.00 | 143.00 | OK | |
r-oldrel-macos-arm64 | 1.0.10 | 58.00 | OK | |||
r-oldrel-macos-x86_64 | 1.0.10 | 93.00 | OK | |||
r-oldrel-windows-x86_64 | 1.0.10 | 23.00 | 159.00 | 182.00 | OK |
Version: 1.0.10
Check: dependencies in R code
Result: NOTE
Namespaces in Imports field not imported from:
‘SparseM’ ‘nlme’ ‘timeDate’
All declared Imports should be used.
Flavors: r-devel-linux-x86_64-fedora-clang, r-devel-linux-x86_64-fedora-gcc