Last updated on 2025-05-06 20:50:52 CEST.
Flavor | Version | Tinstall | Tcheck | Ttotal | Status | Flags |
---|---|---|---|---|---|---|
r-devel-linux-x86_64-debian-clang | 0.5 | 2.61 | 23.89 | 26.50 | NOTE | |
r-devel-linux-x86_64-debian-gcc | 0.5 | 2.07 | 19.47 | 21.54 | NOTE | |
r-devel-linux-x86_64-fedora-clang | 0.5 | 40.62 | OK | |||
r-devel-linux-x86_64-fedora-gcc | 0.5 | 39.13 | OK | |||
r-devel-windows-x86_64 | 0.5 | 4.00 | 48.00 | 52.00 | OK | |
r-patched-linux-x86_64 | 0.5 | 2.81 | 22.81 | 25.62 | OK | |
r-release-linux-x86_64 | 0.5 | 2.44 | 22.82 | 25.26 | OK | |
r-release-macos-arm64 | 0.5 | 19.00 | OK | |||
r-release-macos-x86_64 | 0.5 | 32.00 | OK | |||
r-release-windows-x86_64 | 0.5 | 3.00 | 49.00 | 52.00 | OK | |
r-oldrel-macos-arm64 | 0.5 | 18.00 | OK | |||
r-oldrel-macos-x86_64 | 0.5 | 28.00 | OK | |||
r-oldrel-windows-x86_64 | 0.5 | 4.00 | 51.00 | 55.00 | OK |
Version: 0.5
Check: CRAN incoming feasibility
Result: NOTE
Maintainer: ‘Timothy I. Cannings <timothy.cannings@ed.ac.uk>’
No Authors@R field in DESCRIPTION.
Please add one, modifying
Authors@R: c(person(given = c("Timothy", "I."),
family = "Cannings",
role = c("aut", "cre"),
email = "timothy.cannings@ed.ac.uk"),
person(given = c("Richard", "J."),
family = "Samworth",
role = "aut"))
as necessary.
Flavors: r-devel-linux-x86_64-debian-clang, r-devel-linux-x86_64-debian-gcc