CRAN Package Check Results for Package ROpenCVLite

Last updated on 2022-10-03 21:53:48 CEST.

Flavor Version Tinstall Tcheck Ttotal Status Flags
r-devel-linux-x86_64-debian-clang 4.60.2 2.12 27.35 29.47 OK
r-devel-linux-x86_64-debian-gcc 4.60.2 2.02 21.16 23.18 OK
r-devel-linux-x86_64-fedora-clang 4.60.2 49.83 OK
r-devel-linux-x86_64-fedora-gcc 4.60.2 46.96 OK
r-devel-windows-x86_64 4.60.2 19.00 60.00 79.00 OK
r-patched-linux-x86_64 4.60.2 2.33 26.49 28.82 OK
r-release-linux-x86_64 4.60.2 2.37 25.56 27.93 OK
r-release-macos-arm64 4.60.2 19.00 WARN
r-release-macos-x86_64 4.60.2 25.00 WARN
r-release-windows-x86_64 4.60.2 17.00 59.00 76.00 OK
r-oldrel-macos-arm64 4.60.2 24.00 WARN
r-oldrel-macos-x86_64 4.60.2 23.00 WARN
r-oldrel-windows-ix86+x86_64 4.60.2 7.00 53.00 60.00 OK

Check Details

Version: 4.60.2
Check: dependencies in R code
Result: NOTE
    sh: cmake: command not found
Flavors: r-release-macos-arm64, r-release-macos-x86_64, r-oldrel-macos-arm64, r-oldrel-macos-x86_64

Version: 4.60.2
Check: S3 generic/method consistency
Result: WARN
    sh: cmake: command not found
    See section ‘Generic functions and methods’ in the ‘Writing R
    Extensions’ manual.
Flavors: r-release-macos-arm64, r-release-macos-x86_64, r-oldrel-macos-arm64, r-oldrel-macos-x86_64

Version: 4.60.2
Check: replacement functions
Result: WARN
    sh: cmake: command not found
    The argument of a replacement function which corresponds to the right
    hand side must be named ‘value’.
Flavors: r-release-macos-arm64, r-release-macos-x86_64, r-oldrel-macos-arm64, r-oldrel-macos-x86_64

Version: 4.60.2
Check: foreign function calls
Result: NOTE
    sh: cmake: command not found
    See chapter ‘System and foreign language interfaces’ in the ‘Writing R
    Extensions’ manual.
Flavors: r-release-macos-arm64, r-release-macos-x86_64, r-oldrel-macos-arm64, r-oldrel-macos-x86_64

Version: 4.60.2
Check: for missing documentation entries
Result: WARN
    sh: cmake: command not found
    All user-level objects in a package should have documentation entries.
    See chapter ‘Writing R documentation files’ in the ‘Writing R
    Extensions’ manual.
Flavors: r-release-macos-arm64, r-release-macos-x86_64, r-oldrel-macos-arm64, r-oldrel-macos-x86_64

Version: 4.60.2
Check: for code/documentation mismatches
Result: WARN
    sh: cmake: command not found
    sh: cmake: command not found
    sh: cmake: command not found
Flavors: r-release-macos-arm64, r-release-macos-x86_64, r-oldrel-macos-arm64, r-oldrel-macos-x86_64

Version: 4.60.2
Check: Rd \usage sections
Result: NOTE
    sh: cmake: command not found
    The \usage entries for S3 methods should use the \method markup and not
    their full name.
    See chapter ‘Writing R documentation files’ in the ‘Writing R
    Extensions’ manual.
Flavors: r-release-macos-arm64, r-release-macos-x86_64, r-oldrel-macos-arm64, r-oldrel-macos-x86_64