Last updated on 2025-05-03 21:51:30 CEST.
Flavor | Version | Tinstall | Tcheck | Ttotal | Status | Flags |
---|---|---|---|---|---|---|
r-devel-linux-x86_64-debian-clang | 0.0-4 | 2.44 | 22.97 | 25.41 | NOTE | |
r-devel-linux-x86_64-debian-gcc | 0.0-4 | 1.76 | 18.10 | 19.86 | NOTE | |
r-devel-linux-x86_64-fedora-clang | 0.0-4 | 39.58 | OK | |||
r-devel-linux-x86_64-fedora-gcc | 0.0-4 | 37.64 | OK | |||
r-devel-windows-x86_64 | 0.0-4 | 4.00 | 51.00 | 55.00 | OK | |
r-patched-linux-x86_64 | 0.0-4 | 2.69 | 21.83 | 24.52 | OK | |
r-release-linux-x86_64 | OK | |||||
r-release-macos-arm64 | 0.0-4 | 17.00 | OK | |||
r-release-macos-x86_64 | 0.0-4 | 28.00 | OK | |||
r-release-windows-x86_64 | 0.0-4 | 4.00 | 46.00 | 50.00 | OK | |
r-oldrel-macos-arm64 | 0.0-4 | 16.00 | OK | |||
r-oldrel-macos-x86_64 | 0.0-4 | 23.00 | OK | |||
r-oldrel-windows-x86_64 | 0.0-4 | 3.00 | 50.00 | 53.00 | OK |
Version: 0.0-4
Check: CRAN incoming feasibility
Result: NOTE
Maintainer: ‘Nicola Lunardon <nicola.lunardon@unimib.it>’
No Authors@R field in DESCRIPTION.
Please add one, modifying
Authors@R: c(person(given = "Nicola",
family = "Lunardon",
role = c("aut", "cre"),
email = "nicola.lunardon@unimib.it"),
person(given = "Giovanna",
family = "Menardi",
role = "aut"),
person(given = "Nicola",
family = "Torelli",
role = "aut"))
as necessary.
Package CITATION file contains call(s) to old-style personList() or
as.personList(). Please use c() on person objects instead.
Package CITATION file contains call(s) to old-style citEntry(). Please
use bibentry() instead.
Flavors: r-devel-linux-x86_64-debian-clang, r-devel-linux-x86_64-debian-gcc