Last updated on 2024-07-17 20:57:10 CEST.
Flavor | Version | Tinstall | Tcheck | Ttotal | Status | Flags |
---|---|---|---|---|---|---|
r-devel-linux-x86_64-debian-clang | 0.0-4 | 3.18 | 29.42 | 32.60 | OK | |
r-devel-linux-x86_64-debian-gcc | 0.0-4 | 2.14 | 21.68 | 23.82 | OK | |
r-devel-linux-x86_64-fedora-clang | 0.0-4 | 41.86 | NOTE | |||
r-devel-linux-x86_64-fedora-gcc | 0.0-4 | 40.09 | OK | |||
r-devel-windows-x86_64 | 0.0-4 | 3.00 | 45.00 | 48.00 | OK | |
r-patched-linux-x86_64 | 0.0-4 | 2.31 | 28.16 | 30.47 | OK | |
r-release-linux-x86_64 | 0.0-4 | 2.80 | 27.90 | 30.70 | OK | |
r-release-macos-arm64 | 0.0-4 | 16.00 | OK | |||
r-release-macos-x86_64 | 0.0-4 | 23.00 | OK | |||
r-release-windows-x86_64 | 0.0-4 | 3.00 | 46.00 | 49.00 | OK | |
r-oldrel-macos-arm64 | 0.0-4 | 18.00 | OK | |||
r-oldrel-macos-x86_64 | 0.0-4 | 21.00 | OK | |||
r-oldrel-windows-x86_64 | 0.0-4 | 3.00 | 47.00 | 50.00 | OK |
Version: 0.0-4
Check: Rd cross-references
Result: NOTE
Undeclared package ‘pROC’ in Rd xrefs
Flavor: r-devel-linux-x86_64-fedora-clang