CRAN Package Check Results for Package ROCket

Last updated on 2025-05-09 20:50:01 CEST.

Flavor Version Tinstall Tcheck Ttotal Status Flags
r-devel-linux-x86_64-debian-clang 1.0.1 2.58 26.95 29.53 NOTE
r-devel-linux-x86_64-debian-gcc 1.0.1 1.84 21.27 23.11 NOTE
r-devel-linux-x86_64-fedora-clang 1.0.1 42.55 OK
r-devel-linux-x86_64-fedora-gcc 1.0.3 45.40 OK
r-devel-windows-x86_64 1.0.1 3.00 44.00 47.00 NOTE
r-patched-linux-x86_64 1.0.1 2.49 23.75 26.24 NOTE
r-release-linux-x86_64 1.0.1 2.43 23.53 25.96 NOTE
r-release-macos-arm64 1.0.3 22.00 OK
r-release-macos-x86_64 1.0.3 41.00 OK
r-release-windows-x86_64 1.0.1 3.00 47.00 50.00 NOTE
r-oldrel-macos-arm64 1.0.3 26.00 OK
r-oldrel-macos-x86_64 1.0.3 40.00 OK
r-oldrel-windows-x86_64 1.0.1 4.00 52.00 56.00 NOTE

Check Details

Version: 1.0.1
Check: Rd cross-references
Result: NOTE Found the following Rd file(s) with Rd \link{} targets missing package anchors: show_methods.Rd: data.table Please provide package anchors for all Rd \link{} targets not in the package itself and the base packages. Flavors: r-devel-linux-x86_64-debian-clang, r-devel-linux-x86_64-debian-gcc, r-devel-windows-x86_64, r-patched-linux-x86_64, r-release-linux-x86_64, r-release-windows-x86_64

Version: 1.0.1
Check: LazyData
Result: NOTE 'LazyData' is specified without a 'data' directory Flavor: r-oldrel-windows-x86_64