Last updated on 2024-03-27 19:57:04 CET.
Flavor | Version | Tinstall | Tcheck | Ttotal | Status | Flags |
---|---|---|---|---|---|---|
r-devel-linux-x86_64-debian-clang | 2.1.1 | 3.62 | 71.15 | 74.77 | NOTE | |
r-devel-linux-x86_64-debian-gcc | 2.1.1 | 3.30 | 54.12 | 57.42 | NOTE | |
r-devel-linux-x86_64-fedora-clang | 2.1.1 | 91.52 | NOTE | |||
r-devel-linux-x86_64-fedora-gcc | 2.1.1 | 103.71 | NOTE | |||
r-devel-windows-x86_64 | 2.1.1 | 5.00 | 85.00 | 90.00 | NOTE | |
r-patched-linux-x86_64 | 2.1.1 | 5.01 | 66.66 | 71.67 | OK | |
r-release-linux-x86_64 | 2.1.1 | 2.74 | 66.60 | 69.34 | OK | |
r-release-macos-arm64 | 2.1.1 | 39.00 | OK | |||
r-release-macos-x86_64 | 2.1.1 | 63.00 | OK | |||
r-release-windows-x86_64 | 2.1.1 | 4.00 | 88.00 | 92.00 | OK | |
r-oldrel-macos-arm64 | 2.1.1 | 35.00 | OK | |||
r-oldrel-windows-x86_64 | 2.1.1 | 6.00 | 90.00 | 96.00 | OK |
Version: 2.1.1
Check: Rd \usage sections
Result: NOTE
Objects in \usage without \alias in Rd file 'gettptnfpfn-defunct.Rd':
‘gettptnfpfn’
Functions with \usage entries need to have the appropriate \alias
entries, and all their arguments documented.
The \usage entries must correspond to syntactically valid R code.
See chapter ‘Writing R documentation files’ in the ‘Writing R
Extensions’ manual.
Flavors: r-devel-linux-x86_64-debian-clang, r-devel-linux-x86_64-debian-gcc, r-devel-linux-x86_64-fedora-clang, r-devel-linux-x86_64-fedora-gcc, r-devel-windows-x86_64