CRAN Package Check Results for Package RNifti

Last updated on 2022-09-24 21:51:12 CEST.

Flavor Version Tinstall Tcheck Ttotal Status Flags
r-devel-linux-x86_64-debian-clang 1.4.1 36.42 44.02 80.44 OK
r-devel-linux-x86_64-debian-gcc 1.4.1 29.63 33.79 63.42 OK
r-devel-linux-x86_64-fedora-clang 1.4.1 108.69 OK
r-devel-linux-x86_64-fedora-gcc 1.4.1 117.93 OK
r-devel-windows-x86_64 1.4.1 116.00 102.00 218.00 OK
r-patched-linux-x86_64 1.4.1 30.29 41.65 71.94 OK
r-release-linux-x86_64 1.4.1 32.27 41.46 73.73 OK
r-release-macos-arm64 1.4.1 46.00 NOTE
r-release-macos-x86_64 1.4.1 51.00 NOTE
r-release-windows-x86_64 1.4.1 100.00 96.00 196.00 OK
r-oldrel-macos-arm64 1.4.1 42.00 NOTE
r-oldrel-macos-x86_64 1.4.1 52.00 NOTE
r-oldrel-windows-ix86+x86_64 1.4.1 80.00 112.00 192.00 NOTE

Check Details

Version: 1.4.1
Check: installed package size
Result: NOTE
     installed size is 6.5Mb
     sub-directories of 1Mb or more:
     doxygen 1.5Mb
     libs 3.8Mb
Flavors: r-release-macos-arm64, r-release-macos-x86_64, r-oldrel-macos-arm64, r-oldrel-macos-x86_64, r-oldrel-windows-ix86+x86_64