Last updated on 2025-11-04 13:50:24 CET.
| Flavor | Version | Tinstall | Tcheck | Ttotal | Status | Flags |
|---|---|---|---|---|---|---|
| r-devel-linux-x86_64-debian-clang | 1.2 | 3.47 | 37.09 | 40.56 | NOTE | |
| r-devel-linux-x86_64-debian-gcc | 1.2 | 2.43 | 27.55 | 29.98 | NOTE | |
| r-devel-linux-x86_64-fedora-clang | 1.2 | 61.20 | OK | |||
| r-devel-linux-x86_64-fedora-gcc | 1.2 | 58.55 | OK | |||
| r-devel-windows-x86_64 | 1.2 | 5.00 | 59.00 | 64.00 | OK | |
| r-patched-linux-x86_64 | 1.2 | 4.12 | 34.93 | 39.05 | OK | |
| r-release-linux-x86_64 | 1.2 | 2.99 | 35.11 | 38.10 | OK | |
| r-release-macos-arm64 | 1.2 | 1.00 | 19.00 | 20.00 | OK | |
| r-release-macos-x86_64 | 1.2 | 3.00 | 34.00 | 37.00 | OK | |
| r-release-windows-x86_64 | 1.2 | 4.00 | 58.00 | 62.00 | OK | |
| r-oldrel-macos-arm64 | 1.2 | 1.00 | 19.00 | 20.00 | OK | |
| r-oldrel-macos-x86_64 | 1.2 | 2.00 | 27.00 | 29.00 | OK | |
| r-oldrel-windows-x86_64 | 1.2 | 5.00 | 59.00 | 64.00 | OK |
Version: 1.2
Check: CRAN incoming feasibility
Result: NOTE
Maintainer: ‘Kam Hamidieh <khamidieh@gmail.com>’
No Authors@R field in DESCRIPTION.
Please add one, modifying
Authors@R: person(given = "Kam",
family = "Hamidieh",
role = c("aut", "cre"),
email = "khamidieh@gmail.com")
as necessary.
Flavors: r-devel-linux-x86_64-debian-clang, r-devel-linux-x86_64-debian-gcc