CRAN Package Check Results for Package RMySQL

Last updated on 2022-12-04 20:53:34 CET.

Flavor Version Tinstall Tcheck Ttotal Status Flags
r-devel-linux-x86_64-debian-clang 0.10.24 7.12 41.26 48.38 OK
r-devel-linux-x86_64-debian-gcc 0.10.24 6.27 31.86 38.13 OK
r-devel-linux-x86_64-fedora-clang 0.10.24 74.22 WARN
r-devel-linux-x86_64-fedora-gcc 0.10.24 70.75 OK
r-devel-windows-x86_64 0.10.24 78.00 152.00 230.00 OK
r-patched-linux-x86_64 0.10.24 6.94 36.48 43.42 OK
r-release-linux-x86_64 0.10.24 7.34 36.49 43.83 OK
r-release-macos-arm64 0.10.24 35.00 OK
r-release-macos-x86_64 0.10.24 43.00 OK
r-release-windows-x86_64 0.10.24 71.00 152.00 223.00 OK
r-oldrel-macos-arm64 0.10.24 40.00 OK
r-oldrel-macos-x86_64 0.10.24 41.00 OK
r-oldrel-windows-ix86+x86_64 0.10.24 30.00 181.00 211.00 NOTE

Check Details

Version: 0.10.24
Check: compiled code
Result: WARN
    File ‘RMySQL/libs/RMySQL.so’:
     Found ‘sprintf’, possibly from ‘sprintf’ (C)
     Object: ‘db-apply.o’
    
    Compiled code should not call entry points which might terminate R nor
    write to stdout/stderr instead of to the console, nor use Fortran I/O
    nor system RNGs nor [v]sprintf.
    
    See ‘Writing portable packages’ in the ‘Writing R Extensions’ manual.
Flavor: r-devel-linux-x86_64-fedora-clang

Version: 0.10.24
Check: installed package size
Result: NOTE
     installed size is 6.8Mb
     sub-directories of 1Mb or more:
     libs 6.4Mb
Flavor: r-oldrel-windows-ix86+x86_64