CRAN Package Check Results for Package RMVL

Last updated on 2022-10-02 22:51:49 CEST.

Flavor Version Tinstall Tcheck Ttotal Status Flags
r-devel-linux-x86_64-debian-clang 0.0.4.4 16.36 37.35 53.71 OK
r-devel-linux-x86_64-debian-gcc 0.0.4.4 14.13 28.10 42.23 OK
r-devel-linux-x86_64-fedora-clang 0.0.4.4 81.62 OK
r-devel-linux-x86_64-fedora-gcc 0.0.4.4 80.17 OK
r-devel-windows-x86_64 0.0.4.4 32.00 72.00 104.00 OK
r-patched-linux-x86_64 0.0.4.4 15.31 34.00 49.31 OK
r-release-linux-x86_64 0.0.4.4 15.11 34.43 49.54 OK
r-release-macos-arm64 0.0.4.4 22.00 OK
r-release-macos-x86_64 0.0.4.4 32.00 OK
r-release-windows-x86_64 0.0.4.4 28.00 65.00 93.00 OK
r-oldrel-macos-arm64 0.0.4.4 23.00 OK
r-oldrel-macos-x86_64 0.0.4.4 34.00 OK
r-oldrel-windows-ix86+x86_64 0.0.4.4 43.00 65.00 108.00 WARN

Check Details

Version: 0.0.4.4
Check: whether package can be installed
Result: WARN
    Found the following significant warnings:
     RlibMVL.c:1446:9: warning: cast from pointer to integer of different size [-Wpointer-to-int-cast]
Flavor: r-oldrel-windows-ix86+x86_64