CRAN Package Check Results for Package RMSS

Last updated on 2024-07-22 20:55:52 CEST.

Flavor Version Tinstall Tcheck Ttotal Status Flags
r-devel-linux-x86_64-debian-clang 1.1.1 147.43 48.05 195.48 OK
r-devel-linux-x86_64-debian-gcc 1.1.1 89.02 38.08 127.10 OK
r-devel-linux-x86_64-fedora-clang 1.1.1 383.65 OK
r-devel-linux-x86_64-fedora-gcc 1.1.1 297.31 OK
r-devel-windows-x86_64 1.1.1 121.00 81.00 202.00 OK
r-patched-linux-x86_64 1.1.1 140.26 49.30 189.56 OK
r-release-linux-x86_64 1.1.1 82.94 48.54 131.48 OK
r-release-macos-arm64 1.1.1 68.00 NOTE
r-release-macos-x86_64 1.1.1 101.00 NOTE
r-release-windows-x86_64 1.1.1 145.00 88.00 233.00 OK
r-oldrel-macos-arm64 1.1.1 96.00 NOTE
r-oldrel-macos-x86_64 1.1.1 84.00 NOTE
r-oldrel-windows-x86_64 1.1.1 180.00 94.00 274.00 OK

Check Details

Version: 1.1.1
Check: installed package size
Result: NOTE installed size is 5.9Mb sub-directories of 1Mb or more: libs 5.8Mb Flavors: r-release-macos-arm64, r-release-macos-x86_64, r-oldrel-macos-arm64, r-oldrel-macos-x86_64