Last updated on 2024-04-19 20:56:49 CEST.
Flavor | Version | Tinstall | Tcheck | Ttotal | Status | Flags |
---|---|---|---|---|---|---|
r-devel-linux-x86_64-debian-clang | 1.3.7 | 8.24 | 64.05 | 72.29 | NOTE | |
r-devel-linux-x86_64-debian-gcc | 1.3.7 | NOTE | ||||
r-devel-linux-x86_64-fedora-clang | 1.3.7 | 87.95 | NOTE | |||
r-devel-linux-x86_64-fedora-gcc | 1.3.7 | 84.05 | NOTE | |||
r-prerel-macos-arm64 | 1.3.7 | 31.00 | NOTE | |||
r-prerel-windows-x86_64 | 1.3.7 | 8.00 | 79.00 | 87.00 | NOTE | |
r-patched-linux-x86_64 | 1.3.7 | 12.05 | 62.35 | 74.40 | NOTE | |
r-release-linux-x86_64 | 1.3.7 | 5.36 | 62.47 | 67.83 | OK | |
r-release-macos-arm64 | 1.3.7 | 33.00 | OK | |||
r-release-macos-x86_64 | 1.3.7 | 51.00 | OK | |||
r-release-windows-x86_64 | 1.3.7 | 9.00 | 88.00 | 97.00 | OK | |
r-oldrel-macos-arm64 | 1.3.7 | 32.00 | OK | |||
r-oldrel-windows-x86_64 | 1.3.7 | 11.00 | 79.00 | 90.00 | OK |
Version: 1.3.7
Check: Rd files
Result: NOTE
checkRd: (-1) ComprehensiveTemperatureGenerator.Rd:68: Lost braces; missing escapes or markup?
68 | \item{exogen_all}{data frame containing exogenous variable formatted like \code{Tx_all} and {Tn_all}. Default is \code{NULL}.
| ^
checkRd: (-1) qqplot_RMAWGEN_Tx.Rd:70: Lost braces; missing escapes or markup?
70 | \code{Tx_gen},{Tn_gen} and \code{main} must have an even number of elements.
| ^
Flavors: r-devel-linux-x86_64-debian-clang, r-devel-linux-x86_64-debian-gcc, r-devel-linux-x86_64-fedora-clang, r-devel-linux-x86_64-fedora-gcc, r-prerel-macos-arm64, r-prerel-windows-x86_64, r-patched-linux-x86_64