Last updated on 2024-08-15 20:48:25 CEST.
Flavor | Version | Tinstall | Tcheck | Ttotal | Status | Flags |
---|---|---|---|---|---|---|
r-devel-linux-x86_64-debian-clang | 1.3.4 | 93.76 | 351.53 | 445.29 | OK | |
r-devel-linux-x86_64-debian-gcc | 1.3.4 | 54.15 | 243.28 | 297.43 | OK | |
r-devel-linux-x86_64-fedora-clang | 1.3.4 | 710.16 | NOTE | |||
r-devel-linux-x86_64-fedora-gcc | 1.3.4 | 680.42 | NOTE | |||
r-devel-windows-x86_64 | 1.3.4 | 102.00 | 462.00 | 564.00 | NOTE | |
r-patched-linux-x86_64 | 1.3.4 | 86.72 | 335.70 | 422.42 | OK | |
r-release-linux-x86_64 | 1.3.4 | 88.85 | 338.93 | 427.78 | OK | |
r-release-macos-arm64 | 1.3.4 | 256.00 | NOTE | |||
r-release-macos-x86_64 | 1.3.4 | 374.00 | NOTE | |||
r-release-windows-x86_64 | 1.3.4 | 110.00 | 456.00 | 566.00 | NOTE | |
r-oldrel-macos-arm64 | 1.3.4 | 330.00 | NOTE | |||
r-oldrel-macos-x86_64 | 1.3.4 | 462.00 | NOTE | |||
r-oldrel-windows-x86_64 | 1.3.4 | 119.00 | 505.00 | 624.00 | NOTE |
Version: 1.3.4
Check: installed package size
Result: NOTE
installed size is 28.3Mb
sub-directories of 1Mb or more:
R 4.0Mb
exe 23.9Mb
Flavors: r-devel-linux-x86_64-fedora-clang, r-devel-windows-x86_64, r-release-macos-arm64, r-release-macos-x86_64, r-release-windows-x86_64, r-oldrel-macos-arm64, r-oldrel-macos-x86_64, r-oldrel-windows-x86_64
Version: 1.3.4
Check: dependencies in R code
Result: NOTE
Namespaces in Imports field not imported from:
‘Matrix’ ‘arules’ ‘pmml’ ‘rJava’
All declared Imports should be used.
Flavors: r-devel-linux-x86_64-fedora-clang, r-devel-linux-x86_64-fedora-gcc