Last updated on 2023-11-27 19:52:52 CET.
Flavor | Version | Tinstall | Tcheck | Ttotal | Status | Flags |
---|---|---|---|---|---|---|
r-devel-linux-x86_64-debian-clang | 0.2-10 | 5.25 | 41.37 | 46.62 | NOTE | |
r-devel-linux-x86_64-debian-gcc | 0.2-10 | 4.34 | 37.19 | 41.53 | NOTE | |
r-devel-linux-x86_64-fedora-clang | 0.2-10 | 63.73 | NOTE | |||
r-devel-linux-x86_64-fedora-gcc | 0.2-10 | 60.91 | OK | |||
r-devel-windows-x86_64 | 0.2-10 | 4.00 | 57.00 | 61.00 | OK | |
r-patched-linux-x86_64 | 0.2-10 | 5.26 | 43.57 | 48.83 | OK | |
r-release-linux-x86_64 | 0.2-10 | 5.61 | 44.24 | 49.85 | OK | |
r-release-macos-arm64 | 0.2-10 | 23.00 | OK | |||
r-release-macos-x86_64 | 0.2-10 | 33.00 | OK | |||
r-release-windows-x86_64 | 0.2-10 | 6.00 | 61.00 | 67.00 | OK | |
r-oldrel-macos-arm64 | 0.2-10 | 22.00 | OK | |||
r-oldrel-macos-x86_64 | 0.2-10 | 33.00 | OK | |||
r-oldrel-windows-x86_64 | 0.2-10 | 9.00 | 65.00 | 74.00 | OK |
Version: 0.2-10
Check: DESCRIPTION meta-information
Result: NOTE
License stub is invalid DCF.
Flavors: r-devel-linux-x86_64-debian-clang, r-devel-linux-x86_64-debian-gcc, r-devel-linux-x86_64-fedora-clang