Last updated on 2024-03-28 19:48:43 CET.
Flavor | Version | Tinstall | Tcheck | Ttotal | Status | Flags |
---|---|---|---|---|---|---|
r-devel-linux-x86_64-debian-clang | 0.1.1 | 5.32 | 45.95 | 51.27 | NOTE | |
r-devel-linux-x86_64-debian-gcc | 0.1.1 | 4.13 | 36.82 | 40.95 | NOTE | |
r-devel-linux-x86_64-fedora-clang | 0.1.1 | 64.56 | NOTE | |||
r-devel-linux-x86_64-fedora-gcc | 0.1.1 | 61.99 | NOTE | |||
r-devel-windows-x86_64 | 0.1.1 | 6.00 | 55.00 | 61.00 | NOTE | |
r-patched-linux-x86_64 | 0.1.1 | 6.04 | 45.07 | 51.11 | NOTE | |
r-release-linux-x86_64 | 0.1.1 | 5.68 | 44.61 | 50.29 | NOTE | |
r-release-macos-arm64 | 0.1.1 | 24.00 | NOTE | |||
r-release-macos-x86_64 | 0.1.1 | 37.00 | NOTE | |||
r-release-windows-x86_64 | 0.1.1 | 8.00 | 62.00 | 70.00 | NOTE | |
r-oldrel-macos-arm64 | 0.1.1 | 22.00 | NOTE | |||
r-oldrel-windows-x86_64 | 0.1.1 | 7.00 | 63.00 | 70.00 | NOTE |
Version: 0.1.1
Check: LazyData
Result: NOTE
'LazyData' is specified without a 'data' directory
Flavors: r-devel-linux-x86_64-debian-clang, r-devel-linux-x86_64-debian-gcc, r-devel-linux-x86_64-fedora-clang, r-devel-linux-x86_64-fedora-gcc, r-devel-windows-x86_64, r-patched-linux-x86_64, r-release-linux-x86_64, r-release-macos-arm64, r-release-macos-x86_64, r-release-windows-x86_64, r-oldrel-macos-arm64, r-oldrel-windows-x86_64