Last updated on 2025-05-09 20:50:01 CEST.
Flavor | Version | Tinstall | Tcheck | Ttotal | Status | Flags |
---|---|---|---|---|---|---|
r-devel-linux-x86_64-debian-clang | 2.3.0 | 7.11 | 42.15 | 49.26 | OK | |
r-devel-linux-x86_64-debian-gcc | 2.3.0 | 4.65 | 30.49 | 35.14 | OK | |
r-devel-linux-x86_64-fedora-clang | 2.3.0 | 73.66 | NOTE | |||
r-devel-linux-x86_64-fedora-gcc | 2.3.0 | 74.40 | NOTE | |||
r-devel-windows-x86_64 | 2.3.0 | 10.00 | 85.00 | 95.00 | OK | |
r-patched-linux-x86_64 | 2.3.0 | 8.54 | 39.06 | 47.60 | OK | |
r-release-linux-x86_64 | 2.3.0 | 5.65 | 38.65 | 44.30 | OK | |
r-release-macos-arm64 | 2.3.0 | 27.00 | OK | |||
r-release-macos-x86_64 | 2.3.0 | 48.00 | OK | |||
r-release-windows-x86_64 | 2.3.0 | 10.00 | 89.00 | 99.00 | OK | |
r-oldrel-macos-arm64 | 2.3.0 | 25.00 | OK | |||
r-oldrel-macos-x86_64 | 2.3.0 | 36.00 | OK | |||
r-oldrel-windows-x86_64 | 2.3.0 | 13.00 | 94.00 | 107.00 | OK |
Version: 2.3.0
Check: dependencies in R code
Result: NOTE
Namespace in Imports field not imported from: ‘httr’
All declared Imports should be used.
Flavors: r-devel-linux-x86_64-fedora-clang, r-devel-linux-x86_64-fedora-gcc