CRAN Package Check Results for Package RHRV

Last updated on 2022-11-27 19:51:40 CET.

Flavor Version Tinstall Tcheck Ttotal Status Flags
r-devel-linux-x86_64-debian-clang 4.2.7 17.74 150.11 167.85 OK
r-devel-linux-x86_64-debian-gcc 4.2.7 15.43 112.67 128.10 OK
r-devel-linux-x86_64-fedora-clang 4.2.7 219.64 NOTE
r-devel-linux-x86_64-fedora-gcc 4.2.7 212.12 OK
r-devel-windows-x86_64 4.2.7 32.00 187.00 219.00 OK
r-patched-linux-x86_64 4.2.7 19.82 140.53 160.35 OK
r-release-linux-x86_64 4.2.7 14.35 139.81 154.16 OK
r-release-macos-arm64 4.2.7 65.00 OK
r-release-macos-x86_64 4.2.7 78.00 OK
r-release-windows-x86_64 4.2.7 57.00 185.00 242.00 OK
r-oldrel-macos-arm64 4.2.7 59.00 OK
r-oldrel-macos-x86_64 4.2.7 79.00 OK
r-oldrel-windows-ix86+x86_64 4.2.7 41.00 218.00 259.00 OK

Check Details

Version: 4.2.7
Check: Rd cross-references
Result: NOTE
    Undeclared packages ‘tseries’, ‘TSA’ in Rd xrefs
Flavor: r-devel-linux-x86_64-fedora-clang