Last updated on 2024-03-28 19:48:43 CET.
Flavor | Version | Tinstall | Tcheck | Ttotal | Status | Flags |
---|---|---|---|---|---|---|
r-devel-linux-x86_64-debian-clang | 0.2.4 | 7.43 | 48.23 | 55.66 | OK | |
r-devel-linux-x86_64-debian-gcc | 0.2.4 | 4.77 | 36.91 | 41.68 | OK | |
r-devel-linux-x86_64-fedora-clang | 0.2.4 | 66.69 | NOTE | |||
r-devel-linux-x86_64-fedora-gcc | 0.2.4 | 66.80 | OK | |||
r-devel-windows-x86_64 | 0.2.4 | 5.00 | 53.00 | 58.00 | OK | |
r-patched-linux-x86_64 | 0.2.4 | 7.92 | 48.01 | 55.93 | OK | |
r-release-linux-x86_64 | 0.2.4 | 5.52 | 47.72 | 53.24 | OK | |
r-release-macos-arm64 | 0.2.4 | 21.00 | OK | |||
r-release-macos-x86_64 | 0.2.4 | 38.00 | OK | |||
r-release-windows-x86_64 | 0.2.4 | 5.00 | 59.00 | 64.00 | OK | |
r-oldrel-macos-arm64 | 0.2.4 | 20.00 | OK | |||
r-oldrel-windows-x86_64 | 0.2.4 | 11.00 | 64.00 | 75.00 | OK |
Version: 0.2.4
Check: Rd cross-references
Result: NOTE
Undeclared package ‘DBI’ in Rd xrefs
Flavor: r-devel-linux-x86_64-fedora-clang