Last updated on 2025-11-24 19:51:21 CET.
| Flavor | Version | Tinstall | Tcheck | Ttotal | Status | Flags |
|---|---|---|---|---|---|---|
| r-devel-linux-x86_64-debian-clang | 3.0-2 | 13.71 | 83.32 | 97.03 | NOTE | |
| r-devel-linux-x86_64-debian-gcc | 3.0-2 | 8.41 | 56.77 | 65.18 | NOTE | |
| r-devel-linux-x86_64-fedora-clang | 3.0-2 | 30.00 | 116.24 | 146.24 | OK | |
| r-devel-linux-x86_64-fedora-gcc | 3.0-2 | 26.00 | 110.27 | 136.27 | OK | |
| r-devel-windows-x86_64 | 3.0-2 | 18.00 | 81.00 | 99.00 | OK | |
| r-patched-linux-x86_64 | 3.0-2 | 11.68 | 77.13 | 88.81 | OK | |
| r-release-linux-x86_64 | 3.0-2 | 11.68 | 77.01 | 88.69 | OK | |
| r-release-macos-arm64 | 3.0-2 | OK | ||||
| r-release-macos-x86_64 | 3.0-2 | 12.00 | 55.00 | 67.00 | OK | |
| r-release-windows-x86_64 | 3.0-2 | 14.00 | 85.00 | 99.00 | OK | |
| r-oldrel-macos-arm64 | 3.0-2 | OK | ||||
| r-oldrel-macos-x86_64 | 3.0-2 | 14.00 | 48.00 | 62.00 | OK | |
| r-oldrel-windows-x86_64 | 3.0-2 | 20.00 | 110.00 | 130.00 | OK |
Version: 3.0-2
Check: CRAN incoming feasibility
Result: NOTE
Maintainer: ‘Paul Murrell <paul@stat.auckland.ac.nz>’
No Authors@R field in DESCRIPTION.
Please add one, modifying
Authors@R: person(given = "Paul",
family = "Murrell",
role = c("aut", "cre"),
email = "paul@stat.auckland.ac.nz")
as necessary.
Flavors: r-devel-linux-x86_64-debian-clang, r-devel-linux-x86_64-debian-gcc