Last updated on 2024-07-26 20:50:09 CEST.
Flavor | Version | Tinstall | Tcheck | Ttotal | Status | Flags |
---|---|---|---|---|---|---|
r-devel-linux-x86_64-debian-clang | 0.1 | 2.57 | 24.02 | 26.59 | NOTE | |
r-devel-linux-x86_64-debian-gcc | 0.1 | 1.68 | 18.24 | 19.92 | NOTE | |
r-devel-linux-x86_64-fedora-clang | 0.1 | 33.76 | NOTE | |||
r-devel-linux-x86_64-fedora-gcc | 0.1 | 33.26 | NOTE | |||
r-devel-windows-x86_64 | 0.1 | 3.00 | 42.00 | 45.00 | NOTE | |
r-patched-linux-x86_64 | 0.1 | NOTE | ||||
r-release-linux-x86_64 | 0.1 | 2.44 | 22.24 | 24.68 | NOTE | |
r-release-macos-arm64 | 0.1 | 14.00 | NOTE | |||
r-release-macos-x86_64 | 0.1 | 22.00 | NOTE | |||
r-release-windows-x86_64 | 0.1 | 3.00 | 42.00 | 45.00 | NOTE | |
r-oldrel-macos-arm64 | 0.1 | 14.00 | NOTE | |||
r-oldrel-macos-x86_64 | 0.1 | 18.00 | NOTE | |||
r-oldrel-windows-x86_64 | 0.1 | 3.00 | 40.00 | 43.00 | NOTE |
Version: 0.1
Check: DESCRIPTION meta-information
Result: NOTE
Malformed Description field: should contain one or more complete sentences.
Flavors: r-devel-linux-x86_64-debian-clang, r-devel-linux-x86_64-debian-gcc, r-devel-linux-x86_64-fedora-clang, r-devel-linux-x86_64-fedora-gcc, r-devel-windows-x86_64, r-patched-linux-x86_64, r-release-linux-x86_64, r-release-macos-arm64, r-release-macos-x86_64, r-release-windows-x86_64, r-oldrel-macos-arm64, r-oldrel-macos-x86_64, r-oldrel-windows-x86_64