Last updated on 2025-11-02 23:49:49 CET.
| Flavor | Version | Tinstall | Tcheck | Ttotal | Status | Flags |
|---|---|---|---|---|---|---|
| r-devel-linux-x86_64-debian-clang | 0.1.1 | 14.12 | 70.65 | 84.77 | OK | |
| r-devel-linux-x86_64-debian-gcc | 0.1.1 | 9.62 | 52.86 | 62.48 | OK | |
| r-devel-linux-x86_64-fedora-clang | 0.1.1 | 65.00 | 69.92 | 134.92 | OK | |
| r-devel-linux-x86_64-fedora-gcc | 0.1.1 | 18.00 | 86.03 | 104.03 | OK | |
| r-devel-windows-x86_64 | 0.1.1 | 10.00 | 58.00 | 68.00 | OK | |
| r-patched-linux-x86_64 | 0.1.1 | 13.24 | 67.11 | 80.35 | OK | |
| r-release-linux-x86_64 | 0.1.1 | 12.82 | 66.84 | 79.66 | OK | |
| r-release-macos-arm64 | 0.1.1 | 4.00 | 23.00 | 27.00 | OK | |
| r-release-macos-x86_64 | 0.1.1 | 5.00 | 35.00 | 40.00 | OK | |
| r-release-windows-x86_64 | 0.1.1 | 8.00 | 52.00 | 60.00 | WARN | |
| r-oldrel-macos-arm64 | 0.1.1 | 3.00 | 18.00 | 21.00 | OK | |
| r-oldrel-macos-x86_64 | 0.1.1 | 4.00 | 27.00 | 31.00 | OK | |
| r-oldrel-windows-x86_64 | 0.1.1 | 9.00 | 65.00 | 74.00 | WARN |
Version: 0.1.1
Check: dependencies in R code
Result: NOTE
Torch libraries are installed but loading them was unsuccessful.
Torch libraries are installed but loading them was unsuccessful.
Flavors: r-release-windows-x86_64, r-oldrel-windows-x86_64
Version: 0.1.1
Check: S3 generic/method consistency
Result: WARN
Torch libraries are installed but loading them was unsuccessful.
Torch libraries are installed but loading them was unsuccessful.
See section 'Generic functions and methods' in the 'Writing R
Extensions' manual.
Flavors: r-release-windows-x86_64, r-oldrel-windows-x86_64
Version: 0.1.1
Check: foreign function calls
Result: NOTE
Torch libraries are installed but loading them was unsuccessful.
Torch libraries are installed but loading them was unsuccessful.
See chapter 'System and foreign language interfaces' in the 'Writing R
Extensions' manual.
Flavors: r-release-windows-x86_64, r-oldrel-windows-x86_64
Version: 0.1.1
Check: for code/documentation mismatches
Result: WARN
Torch libraries are installed but loading them was unsuccessful.
Torch libraries are installed but loading them was unsuccessful.
Flavors: r-release-windows-x86_64, r-oldrel-windows-x86_64
Version: 0.1.1
Check: Rd \usage sections
Result: NOTE
Torch libraries are installed but loading them was unsuccessful.
Torch libraries are installed but loading them was unsuccessful.
The \usage entries for S3 methods should use the \method markup and not
their full name.
See chapter 'Writing R documentation files' in the 'Writing R
Extensions' manual.
Flavors: r-release-windows-x86_64, r-oldrel-windows-x86_64