CRAN Package Check Results for Package RFpredInterval

Last updated on 2022-12-02 20:53:24 CET.

Flavor Version Tinstall Tcheck Ttotal Status Flags
r-devel-linux-x86_64-debian-clang 1.0.6 53.48 173.57 227.05 WARN
r-devel-linux-x86_64-debian-gcc 1.0.6 34.44 124.15 158.59 WARN
r-devel-linux-x86_64-fedora-clang 1.0.6 281.55 WARN
r-devel-linux-x86_64-fedora-gcc 1.0.6 275.05 WARN
r-devel-windows-x86_64 1.0.6 168.00 185.00 353.00 OK
r-patched-linux-x86_64 1.0.6 40.96 161.44 202.40 OK
r-release-linux-x86_64 1.0.6 34.91 162.84 197.75 OK
r-release-macos-arm64 1.0.6 85.00 OK
r-release-macos-x86_64 1.0.6 87.00 OK
r-release-windows-x86_64 1.0.6 171.00 184.00 355.00 OK
r-oldrel-macos-arm64 1.0.6 79.00 OK
r-oldrel-macos-x86_64 1.0.6 89.00 OK
r-oldrel-windows-ix86+x86_64 1.0.6 97.00 250.00 347.00 OK

Check Details

Version: 1.0.6
Check: whether package can be installed
Result: WARN
    Found the following significant warnings:
     ./randomForestSRC.h:380:33: warning: a function declaration without a prototype is deprecated in all versions of C [-Wstrict-prototypes]
     ./randomForestSRC.h:568:24: warning: a function declaration without a prototype is deprecated in all versions of C [-Wstrict-prototypes]
     ./randomForestSRC.h:569:27: warning: a function declaration without a prototype is deprecated in all versions of C [-Wstrict-prototypes]
     ./randomForestSRC.h:851:20: warning: a function declaration without a prototype is deprecated in all versions of C [-Wstrict-prototypes]
     ./randomForestSRC.h:876:27: warning: a function declaration without a prototype is deprecated in all versions of C [-Wstrict-prototypes]
     ./randomForestSRC.h:1364:33: warning: a function declaration without a prototype is deprecated in all versions of C [-Wstrict-prototypes]
     ./randomForestSRC.h:2161:39: warning: a function declaration without a prototype is deprecated in all versions of C [-Wstrict-prototypes]
     ./randomForestSRC.h:2162:36: warning: a function declaration without a prototype is deprecated in all versions of C [-Wstrict-prototypes]
     ./randomForestSRC.h:2174:17: warning: a function declaration without a prototype is deprecated in all versions of C [-Wstrict-prototypes]
     ./randomForestSRC.h:2181:22: warning: a function declaration without a prototype is deprecated in all versions of C [-Wstrict-prototypes]
     ./randomForestSRC.h:2194:33: warning: a function declaration without a prototype is deprecated in all versions of C [-Wstrict-prototypes]
     ./randomForestSRC.h:2195:35: warning: a function declaration without a prototype is deprecated in all versions of C [-Wstrict-prototypes]
     ./randomForestSRC.h:2196:34: warning: a function declaration without a prototype is deprecated in all versions of C [-Wstrict-prototypes]
     ./randomForestSRC.h:2197:36: warning: a function declaration without a prototype is deprecated in all versions of C [-Wstrict-prototypes]
     ./randomForestSRC.h:2198:34: warning: a function declaration without a prototype is deprecated in all versions of C [-Wstrict-prototypes]
     ./randomForestSRC.h:2199:36: warning: a function declaration without a prototype is deprecated in all versions of C [-Wstrict-prototypes]
     ./randomForestSRC.h:2281:23: warning: a function declaration without a prototype is deprecated in all versions of C [-Wstrict-prototypes]
     ./randomForestSRC.h:2485:12: warning: a function declaration without a prototype is deprecated in all versions of C [-Wstrict-prototypes]
     ./randomForestSRC.h:2487:24: warning: a function declaration without a prototype is deprecated in all versions of C [-Wstrict-prototypes]
     ./randomForestSRC.h:2503:23: warning: a function declaration without a prototype is deprecated in all versions of C [-Wstrict-prototypes]
     randomForestSRC.c:3029:24: warning: a function declaration without a prototype is deprecated in all versions of C [-Wstrict-prototypes]
     randomForestSRC.c:3126:27: warning: a function declaration without a prototype is deprecated in all versions of C [-Wstrict-prototypes]
     randomForestSRC.c:6565:33: warning: a function declaration without a prototype is deprecated in all versions of C [-Wstrict-prototypes]
     randomForestSRC.c:7468:20: warning: a function declaration without a prototype is deprecated in all versions of C [-Wstrict-prototypes]
     randomForestSRC.c:7722:27: warning: a function declaration without a prototype is deprecated in all versions of C [-Wstrict-prototypes]
     ./splitCustom.h:22:29: warning: a function declaration without a prototype is deprecated in all versions of C [-Wstrict-prototypes]
     randomForestSRC.c:13948:33: warning: a function declaration without a prototype is deprecated in all versions of C [-Wstrict-prototypes]
     randomForestSRC.c:27125:39: warning: a function declaration without a prototype is deprecated in all versions of C [-Wstrict-prototypes]
     randomForestSRC.c:27431:17: warning: a function declaration without a prototype is deprecated in all versions of C [-Wstrict-prototypes]
     randomForestSRC.c:27865:33: warning: a function declaration without a prototype is deprecated in all versions of C [-Wstrict-prototypes]
     randomForestSRC.c:27912:35: warning: a function declaration without a prototype is deprecated in all versions of C [-Wstrict-prototypes]
     randomForestSRC.c:27931:34: warning: a function declaration without a prototype is deprecated in all versions of C [-Wstrict-prototypes]
     randomForestSRC.c:27944:36: warning: a function declaration without a prototype is deprecated in all versions of C [-Wstrict-prototypes]
     randomForestSRC.c:27949:34: warning: a function declaration without a prototype is deprecated in all versions of C [-Wstrict-prototypes]
     randomForestSRC.c:27972:36: warning: a function declaration without a prototype is deprecated in all versions of C [-Wstrict-prototypes]
     randomForestSRC.c:27981:22: warning: a function declaration without a prototype is deprecated in all versions of C [-Wstrict-prototypes]
     randomForestSRC.c:29203:23: warning: a function declaration without a prototype is deprecated in all versions of C [-Wstrict-prototypes]
     randomForestSRC.c:33000:12: warning: a function declaration without a prototype is deprecated in all versions of C [-Wstrict-prototypes]
     randomForestSRC.c:33013:24: warning: a function declaration without a prototype is deprecated in all versions of C [-Wstrict-prototypes]
     randomForestSRC.c:33195:23: warning: a function declaration without a prototype is deprecated in all versions of C [-Wstrict-prototypes]
     splitCustom.c:24:29: warning: a function declaration without a prototype is deprecated in all versions of C [-Wstrict-prototypes]
Flavors: r-devel-linux-x86_64-debian-clang, r-devel-linux-x86_64-fedora-clang

Version: 1.0.6
Check: whether package can be installed
Result: WARN
    Found the following significant warnings:
     randomForestSRC.h:380:1: warning: function declaration isn’t a prototype [-Wstrict-prototypes]
     randomForestSRC.h:568:1: warning: function declaration isn’t a prototype [-Wstrict-prototypes]
     randomForestSRC.h:569:1: warning: function declaration isn’t a prototype [-Wstrict-prototypes]
     randomForestSRC.h:851:1: warning: function declaration isn’t a prototype [-Wstrict-prototypes]
     randomForestSRC.h:876:1: warning: function declaration isn’t a prototype [-Wstrict-prototypes]
     randomForestSRC.h:1364:1: warning: function declaration isn’t a prototype [-Wstrict-prototypes]
     randomForestSRC.h:2161:1: warning: function declaration isn’t a prototype [-Wstrict-prototypes]
     randomForestSRC.h:2162:1: warning: function declaration isn’t a prototype [-Wstrict-prototypes]
     randomForestSRC.h:2174:1: warning: function declaration isn’t a prototype [-Wstrict-prototypes]
     randomForestSRC.h:2181:1: warning: function declaration isn’t a prototype [-Wstrict-prototypes]
     randomForestSRC.h:2194:1: warning: function declaration isn’t a prototype [-Wstrict-prototypes]
     randomForestSRC.h:2195:1: warning: function declaration isn’t a prototype [-Wstrict-prototypes]
     randomForestSRC.h:2196:1: warning: function declaration isn’t a prototype [-Wstrict-prototypes]
     randomForestSRC.h:2197:1: warning: function declaration isn’t a prototype [-Wstrict-prototypes]
     randomForestSRC.h:2198:1: warning: function declaration isn’t a prototype [-Wstrict-prototypes]
     randomForestSRC.h:2199:1: warning: function declaration isn’t a prototype [-Wstrict-prototypes]
     randomForestSRC.h:2281:1: warning: function declaration isn’t a prototype [-Wstrict-prototypes]
     randomForestSRC.h:2485:1: warning: function declaration isn’t a prototype [-Wstrict-prototypes]
     randomForestSRC.h:2487:1: warning: function declaration isn’t a prototype [-Wstrict-prototypes]
     randomForestSRC.h:2503:1: warning: function declaration isn’t a prototype [-Wstrict-prototypes]
     randomForestSRC.c:3029:6: warning: function declaration isn’t a prototype [-Wstrict-prototypes]
     randomForestSRC.c:3126:6: warning: function declaration isn’t a prototype [-Wstrict-prototypes]
     randomForestSRC.c:6565:16: warning: function declaration isn’t a prototype [-Wstrict-prototypes]
     randomForestSRC.c:7468:6: warning: function declaration isn’t a prototype [-Wstrict-prototypes]
     randomForestSRC.c:7722:13: warning: function declaration isn’t a prototype [-Wstrict-prototypes]
     splitCustom.h:22:1: warning: function declaration isn’t a prototype [-Wstrict-prototypes]
     randomForestSRC.c:13948:16: warning: function declaration isn’t a prototype [-Wstrict-prototypes]
     randomForestSRC.c:27125:6: warning: function declaration isn’t a prototype [-Wstrict-prototypes]
     randomForestSRC.c:27431:6: warning: function declaration isn’t a prototype [-Wstrict-prototypes]
     randomForestSRC.c:27865:6: warning: function declaration isn’t a prototype [-Wstrict-prototypes]
     randomForestSRC.c:27912:6: warning: function declaration isn’t a prototype [-Wstrict-prototypes]
     randomForestSRC.c:27931:6: warning: function declaration isn’t a prototype [-Wstrict-prototypes]
     randomForestSRC.c:27944:6: warning: function declaration isn’t a prototype [-Wstrict-prototypes]
     randomForestSRC.c:27949:6: warning: function declaration isn’t a prototype [-Wstrict-prototypes]
     randomForestSRC.c:27972:6: warning: function declaration isn’t a prototype [-Wstrict-prototypes]
     randomForestSRC.c:27981:6: warning: function declaration isn’t a prototype [-Wstrict-prototypes]
     randomForestSRC.c:29203:11: warning: function declaration isn’t a prototype [-Wstrict-prototypes]
     randomForestSRC.c:33000:6: warning: function declaration isn’t a prototype [-Wstrict-prototypes]
     randomForestSRC.c:33013:6: warning: function declaration isn’t a prototype [-Wstrict-prototypes]
     randomForestSRC.c:33195:6: warning: function declaration isn’t a prototype [-Wstrict-prototypes]
     splitCustom.c:24:6: warning: function declaration isn’t a prototype [-Wstrict-prototypes]
Flavors: r-devel-linux-x86_64-debian-gcc, r-devel-linux-x86_64-fedora-gcc