Last updated on 2023-06-04 21:58:31 CEST.
Flavor | Version | Tinstall | Tcheck | Ttotal | Status | Flags |
---|---|---|---|---|---|---|
r-devel-linux-x86_64-debian-clang | 0.6.0 | 6.34 | 65.95 | 72.29 | OK | |
r-devel-linux-x86_64-debian-gcc | 0.7.0 | 3.33 | 58.16 | 61.49 | OK | |
r-devel-linux-x86_64-fedora-clang | 0.7.0 | 106.87 | NOTE | |||
r-devel-linux-x86_64-fedora-gcc | 0.7.0 | 116.66 | NOTE | |||
r-devel-windows-x86_64 | 0.7.0 | 7.00 | 78.00 | 85.00 | OK | |
r-patched-linux-x86_64 | 0.7.0 | 5.44 | 71.69 | 77.13 | OK | |
r-release-linux-x86_64 | 0.6.0 | 3.98 | 62.34 | 66.32 | OK | |
r-release-macos-arm64 | 0.7.0 | 39.00 | OK | |||
r-release-macos-x86_64 | 0.6.0 | 50.00 | OK | |||
r-release-windows-x86_64 | 0.7.0 | 13.00 | 93.00 | 106.00 | OK | |
r-oldrel-macos-arm64 | 0.7.0 | 39.00 | OK | |||
r-oldrel-macos-x86_64 | 0.7.0 | 49.00 | OK | |||
r-oldrel-windows-x86_64 | 0.6.0 | 8.00 | 81.00 | 89.00 | OK |
Version: 0.7.0
Check: data for non-ASCII characters
Result: NOTE
Note: found 1 marked UTF-8 string
Flavors: r-devel-linux-x86_64-fedora-clang, r-devel-linux-x86_64-fedora-gcc