CRAN Package Check Results for Package RDSsamplesize

Last updated on 2022-10-06 21:50:03 CEST.

Flavor Version Tinstall Tcheck Ttotal Status Flags
r-devel-linux-x86_64-debian-clang 0.1.0 23.56 37.77 61.33 WARN
r-devel-linux-x86_64-debian-gcc 0.1.0 16.49 29.01 45.50 OK
r-devel-linux-x86_64-fedora-clang 0.1.0 91.54 WARN
r-devel-linux-x86_64-fedora-gcc 0.1.0 85.19 OK
r-devel-windows-x86_64 0.1.0 28.00 87.00 115.00 OK
r-patched-linux-x86_64 0.1.0 18.01 36.26 54.27 OK
r-release-linux-x86_64 0.1.0 17.75 35.31 53.06 OK
r-release-macos-arm64 0.1.0 32.00 OK
r-release-macos-x86_64 0.1.0 36.00 OK
r-release-windows-x86_64 0.1.0 24.00 85.00 109.00 OK
r-oldrel-macos-arm64 0.1.0 26.00 OK
r-oldrel-macos-x86_64 0.1.0 42.00 OK
r-oldrel-windows-ix86+x86_64 0.1.0 51.00 86.00 137.00 OK

Additional issues

clang14

Check Details

Version: 0.1.0
Check: whether package can be installed
Result: WARN
    Found the following significant warnings:
     Source.cpp:389:13: warning: use of bitwise '|' with boolean operands [-Wbitwise-instead-of-logical]
Flavors: r-devel-linux-x86_64-debian-clang, r-devel-linux-x86_64-fedora-clang