Last updated on 2024-07-17 20:57:09 CEST.
Flavor | Version | Tinstall | Tcheck | Ttotal | Status | Flags |
---|---|---|---|---|---|---|
r-devel-linux-x86_64-debian-clang | 1.98-1.16 | 21.63 | 54.32 | 75.95 | NOTE | |
r-devel-linux-x86_64-debian-gcc | 1.98-1.16 | 16.25 | 41.35 | 57.60 | NOTE | |
r-devel-linux-x86_64-fedora-clang | 1.98-1.16 | 96.69 | NOTE | |||
r-devel-linux-x86_64-fedora-gcc | 1.98-1.16 | 97.26 | NOTE | |||
r-devel-windows-x86_64 | 1.98-1.16 | 40.00 | 195.00 | 235.00 | NOTE | |
r-patched-linux-x86_64 | 1.98-1.14 | 21.47 | 53.79 | 75.26 | NOTE | |
r-release-linux-x86_64 | 1.98-1.16 | 18.37 | 53.49 | 71.86 | NOTE | |
r-release-macos-arm64 | 1.98-1.16 | 192.00 | NOTE | |||
r-release-macos-x86_64 | 1.98-1.16 | 247.00 | NOTE | |||
r-release-windows-x86_64 | 1.98-1.16 | 47.00 | 201.00 | 248.00 | NOTE | |
r-oldrel-macos-arm64 | 1.98-1.16 | 170.00 | NOTE | |||
r-oldrel-macos-x86_64 | 1.98-1.16 | 220.00 | NOTE | |||
r-oldrel-windows-x86_64 | 1.98-1.16 | 50.00 | 197.00 | 247.00 | NOTE |
Version: 1.98-1.16
Check: for GNU extensions in Makefiles
Result: NOTE
GNU make is a SystemRequirements.
Flavors: r-devel-linux-x86_64-debian-clang, r-devel-linux-x86_64-debian-gcc, r-devel-linux-x86_64-fedora-clang, r-devel-linux-x86_64-fedora-gcc, r-devel-windows-x86_64, r-release-linux-x86_64, r-release-macos-arm64, r-release-macos-x86_64, r-release-windows-x86_64, r-oldrel-macos-arm64, r-oldrel-macos-x86_64, r-oldrel-windows-x86_64
Version: 1.98-1.16
Check: installed package size
Result: NOTE
installed size is 11.0Mb
sub-directories of 1Mb or more:
libs 9.0Mb
Flavors: r-devel-windows-x86_64, r-release-windows-x86_64, r-oldrel-windows-x86_64
Version: 1.98-1.14
Check: for GNU extensions in Makefiles
Result: NOTE
GNU make is a SystemRequirements.
Flavor: r-patched-linux-x86_64