Last updated on 2023-06-04 21:58:30 CEST.
Flavor | Version | Tinstall | Tcheck | Ttotal | Status | Flags |
---|---|---|---|---|---|---|
r-devel-linux-x86_64-debian-clang | 0.1.4 | 6.90 | 54.66 | 61.56 | NOTE | |
r-devel-linux-x86_64-debian-gcc | 0.1.4 | 4.57 | 41.87 | 46.44 | NOTE | |
r-devel-linux-x86_64-fedora-clang | 0.1.4 | 77.90 | NOTE | |||
r-devel-linux-x86_64-fedora-gcc | 0.1.4 | 95.03 | NOTE | |||
r-devel-windows-x86_64 | 0.1.4 | 9.00 | 62.00 | 71.00 | NOTE | |
r-patched-linux-x86_64 | 0.1.4 | 5.55 | 51.65 | 57.20 | NOTE | |
r-release-linux-x86_64 | 0.1.4 | 4.22 | 51.15 | 55.37 | NOTE | |
r-release-macos-arm64 | 0.1.4 | 35.00 | NOTE | |||
r-release-macos-x86_64 | 0.1.4 | 51.00 | NOTE | |||
r-release-windows-x86_64 | 0.1.4 | 9.00 | 68.00 | 77.00 | NOTE | |
r-oldrel-macos-arm64 | 0.1.4 | 29.00 | NOTE | |||
r-oldrel-macos-x86_64 | 0.1.4 | 46.00 | NOTE | |||
r-oldrel-windows-x86_64 | 0.1.4 | 9.00 | 72.00 | 81.00 | NOTE |
Version: 0.1.4
Check: LazyData
Result: NOTE
'LazyData' is specified without a 'data' directory
Flavors: r-devel-linux-x86_64-debian-clang, r-devel-linux-x86_64-debian-gcc, r-devel-linux-x86_64-fedora-clang, r-devel-linux-x86_64-fedora-gcc, r-devel-windows-x86_64, r-patched-linux-x86_64, r-release-linux-x86_64, r-release-macos-arm64, r-release-macos-x86_64, r-release-windows-x86_64, r-oldrel-macos-arm64, r-oldrel-macos-x86_64, r-oldrel-windows-x86_64