CRAN Package Check Results for Package RClickhouse

Last updated on 2022-10-02 22:51:47 CEST.

Flavor Version Tinstall Tcheck Ttotal Status Flags
r-devel-linux-x86_64-debian-clang 0.6.4 100.27 71.62 171.89 OK
r-devel-linux-x86_64-debian-gcc 0.6.4 83.68 52.86 136.54 OK
r-devel-linux-x86_64-fedora-clang 0.6.4 282.76 OK
r-devel-linux-x86_64-fedora-gcc 0.6.4 246.74 OK
r-devel-windows-x86_64 0.6.4 229.00 126.00 355.00 OK
r-patched-linux-x86_64 0.6.4 96.45 66.72 163.17 OK
r-release-linux-x86_64 0.6.4 91.02 65.41 156.43 OK
r-release-macos-arm64 0.6.4 72.00 NOTE
r-release-macos-x86_64 0.6.4 90.00 NOTE
r-release-windows-x86_64 0.6.4 207.00 122.00 329.00 OK
r-oldrel-macos-arm64 0.6.4 64.00 NOTE
r-oldrel-macos-x86_64 0.6.4 88.00 NOTE
r-oldrel-windows-ix86+x86_64 0.6.4 274.00 133.00 407.00 OK

Check Details

Version: 0.6.4
Check: installed package size
Result: NOTE
     installed size is 13.1Mb
     sub-directories of 1Mb or more:
     libs 12.7Mb
Flavors: r-release-macos-arm64, r-release-macos-x86_64, r-oldrel-macos-arm64, r-oldrel-macos-x86_64