Last updated on 2024-07-17 20:57:09 CEST.
Flavor | Version | Tinstall | Tcheck | Ttotal | Status | Flags |
---|---|---|---|---|---|---|
r-devel-linux-x86_64-debian-clang | 0.4 | 3.98 | 49.66 | 53.64 | NOTE | |
r-devel-linux-x86_64-debian-gcc | 0.4 | 3.11 | 36.97 | 40.08 | NOTE | |
r-devel-linux-x86_64-fedora-clang | 0.4 | 64.76 | NOTE | |||
r-devel-linux-x86_64-fedora-gcc | 0.4 | 67.45 | NOTE | |||
r-devel-windows-x86_64 | 0.4 | 5.00 | 67.00 | 72.00 | OK | |
r-patched-linux-x86_64 | 0.4 | 3.52 | 45.97 | 49.49 | NOTE | |
r-release-linux-x86_64 | 0.4 | 2.45 | 47.37 | 49.82 | NOTE | |
r-release-macos-arm64 | 0.4 | 27.00 | OK | |||
r-release-macos-x86_64 | 0.4 | 46.00 | OK | |||
r-release-windows-x86_64 | 0.4 | 5.00 | 68.00 | 73.00 | OK | |
r-oldrel-macos-arm64 | 0.4 | 25.00 | OK | |||
r-oldrel-macos-x86_64 | 0.4 | 43.00 | OK | |||
r-oldrel-windows-x86_64 | 0.4 | 6.00 | 73.00 | 79.00 | OK |
Version: 0.4
Check: for non-standard things in the check directory
Result: NOTE
Found the following files/directories:
‘data.csv’
Flavors: r-devel-linux-x86_64-debian-clang, r-devel-linux-x86_64-debian-gcc, r-devel-linux-x86_64-fedora-clang, r-devel-linux-x86_64-fedora-gcc, r-patched-linux-x86_64, r-release-linux-x86_64