Last updated on 2024-03-28 19:48:42 CET.
Flavor | Version | Tinstall | Tcheck | Ttotal | Status | Flags |
---|---|---|---|---|---|---|
r-devel-linux-x86_64-debian-clang | 0.3.0 | 4.97 | 37.46 | 42.43 | NOTE | |
r-devel-linux-x86_64-debian-gcc | 0.3.0 | 3.58 | 28.81 | 32.39 | NOTE | |
r-devel-linux-x86_64-fedora-clang | 0.3.0 | 57.63 | NOTE | |||
r-devel-linux-x86_64-fedora-gcc | 0.3.0 | 50.17 | NOTE | |||
r-devel-windows-x86_64 | 0.3.0 | 5.00 | 55.00 | 60.00 | NOTE | |
r-patched-linux-x86_64 | 0.3.0 | 5.09 | 35.12 | 40.21 | NOTE | |
r-release-linux-x86_64 | 0.3.0 | 3.95 | 36.55 | 40.50 | OK | |
r-release-macos-arm64 | 0.3.0 | 22.00 | OK | |||
r-release-macos-x86_64 | 0.3.0 | 28.00 | OK | |||
r-release-windows-x86_64 | 0.3.0 | 6.00 | 58.00 | 64.00 | OK | |
r-oldrel-macos-arm64 | 0.3.0 | 25.00 | OK | |||
r-oldrel-windows-x86_64 | 0.3.0 | 6.00 | 54.00 | 60.00 | OK |
Version: 0.3.0
Check: HTML version of manual
Result: NOTE
Found the following HTML validation problems:
Repository.html:125:1 (Repository.Rd:129): Warning: trimming empty <ul>
Flavors: r-devel-linux-x86_64-debian-clang, r-devel-linux-x86_64-debian-gcc, r-devel-linux-x86_64-fedora-clang, r-devel-linux-x86_64-fedora-gcc, r-devel-windows-x86_64, r-patched-linux-x86_64