Last updated on 2025-05-06 20:50:50 CEST.
Flavor | Version | Tinstall | Tcheck | Ttotal | Status | Flags |
---|---|---|---|---|---|---|
r-devel-linux-x86_64-debian-clang | 0.7.5 | 3.16 | 28.35 | 31.51 | NOTE | |
r-devel-linux-x86_64-debian-gcc | 0.7.5 | 2.27 | 22.40 | 24.67 | NOTE | |
r-devel-linux-x86_64-fedora-clang | 0.7.5 | 48.38 | OK | |||
r-devel-linux-x86_64-fedora-gcc | 0.7.5 | 46.67 | OK | |||
r-devel-windows-x86_64 | 0.7.5 | 4.00 | 54.00 | 58.00 | OK | |
r-patched-linux-x86_64 | 0.7.5 | 3.34 | 27.34 | 30.68 | OK | |
r-release-linux-x86_64 | 0.7.5 | 2.84 | 27.22 | 30.06 | OK | |
r-release-macos-arm64 | 0.7.5 | 19.00 | OK | |||
r-release-macos-x86_64 | 0.7.5 | 31.00 | OK | |||
r-release-windows-x86_64 | 0.7.5 | 6.00 | 55.00 | 61.00 | OK | |
r-oldrel-macos-arm64 | 0.7.5 | 18.00 | OK | |||
r-oldrel-macos-x86_64 | 0.7.5 | 30.00 | OK | |||
r-oldrel-windows-x86_64 | 0.7.5 | 5.00 | 63.00 | 68.00 | OK |
Version: 0.7.5
Check: CRAN incoming feasibility
Result: NOTE
Maintainer: ‘Thomas Bock <thsteinbock@web.de>’
No Authors@R field in DESCRIPTION.
Please add one, modifying
Authors@R: person(given = "Thomas",
family = "Bock",
role = c("aut", "cre"),
email = "thsteinbock@web.de")
as necessary.
Flavors: r-devel-linux-x86_64-debian-clang, r-devel-linux-x86_64-debian-gcc