CRAN Package Check Results for Package R4CouchDB

Last updated on 2025-11-23 20:48:58 CET.

Flavor Version Tinstall Tcheck Ttotal Status Flags
r-devel-linux-x86_64-debian-clang 0.7.5 3.10 31.30 34.40 NOTE
r-devel-linux-x86_64-debian-gcc 0.7.5 2.44 24.70 27.14 NOTE
r-devel-linux-x86_64-fedora-clang 0.7.5 50.42 OK
r-devel-windows-x86_64 0.7.5 5.00 54.00 59.00 OK
r-patched-linux-x86_64 0.7.5 3.31 29.07 32.38 OK
r-release-linux-x86_64 0.7.5 3.09 29.24 32.33 OK
r-release-macos-arm64 0.7.5 OK
r-release-macos-x86_64 0.7.5 3.00 28.00 31.00 OK
r-release-windows-x86_64 0.7.5 4.00 54.00 58.00 OK
r-oldrel-macos-arm64 0.7.5 OK
r-oldrel-macos-x86_64 0.7.5 2.00 28.00 30.00 OK
r-oldrel-windows-x86_64 0.7.5 5.00 60.00 65.00 OK

Check Details

Version: 0.7.5
Check: CRAN incoming feasibility
Result: NOTE Maintainer: ‘Thomas Bock <thsteinbock@web.de>’ No Authors@R field in DESCRIPTION. Please add one, modifying Authors@R: person(given = "Thomas", family = "Bock", role = c("aut", "cre"), email = "thsteinbock@web.de") as necessary. Flavors: r-devel-linux-x86_64-debian-clang, r-devel-linux-x86_64-debian-gcc