Last updated on 2024-03-28 19:48:42 CET.
Flavor | Version | Tinstall | Tcheck | Ttotal | Status | Flags |
---|---|---|---|---|---|---|
r-devel-linux-x86_64-debian-clang | 0.8-9 | 58.37 | 208.37 | 266.74 | OK | |
r-devel-linux-x86_64-debian-gcc | 0.8-9 | 53.43 | 152.52 | 205.95 | OK | |
r-devel-linux-x86_64-fedora-clang | 0.8-9 | 337.70 | NOTE | |||
r-devel-linux-x86_64-fedora-gcc | 0.8-9 | 330.41 | OK | |||
r-devel-windows-x86_64 | 0.8-9 | 47.00 | 159.00 | 206.00 | OK | |
r-patched-linux-x86_64 | 0.8-9 | 54.26 | 200.47 | 254.73 | OK | |
r-release-linux-x86_64 | 0.8-9 | 41.47 | 207.66 | 249.13 | OK | |
r-release-macos-arm64 | 0.8-9 | 87.00 | OK | |||
r-release-macos-x86_64 | 0.8-9 | 186.00 | OK | |||
r-release-windows-x86_64 | 0.8-9 | 72.00 | 210.00 | 282.00 | OK | |
r-oldrel-macos-arm64 | 0.8-9 | 91.00 | OK | |||
r-oldrel-windows-x86_64 | 0.8-9 | 73.00 | 190.00 | 263.00 | OK |
Version: 0.8-9
Check: Rd cross-references
Result: NOTE
Undeclared package ‘generics’ in Rd xrefs
Flavor: r-devel-linux-x86_64-fedora-clang