Last updated on 2024-07-17 20:57:08 CEST.
Flavor | Version | Tinstall | Tcheck | Ttotal | Status | Flags |
---|---|---|---|---|---|---|
r-devel-linux-x86_64-debian-clang | 2.12.3 | 19.59 | 203.01 | 222.60 | OK | |
r-devel-linux-x86_64-debian-gcc | 2.12.3 | 15.83 | 146.89 | 162.72 | OK | |
r-devel-linux-x86_64-fedora-clang | 2.12.3 | 287.99 | OK | |||
r-devel-linux-x86_64-fedora-gcc | 2.12.3 | 272.56 | OK | |||
r-devel-windows-x86_64 | 2.12.3 | 16.00 | 982.00 | 998.00 | NOTE | |
r-patched-linux-x86_64 | 2.12.3 | 28.08 | 243.44 | 271.52 | OK | |
r-release-linux-x86_64 | 2.12.3 | 19.13 | 193.76 | 212.89 | OK | |
r-release-macos-arm64 | 2.12.3 | 99.00 | OK | |||
r-release-macos-x86_64 | 2.12.3 | 160.00 | OK | |||
r-release-windows-x86_64 | 2.12.3 | 19.00 | 886.00 | 905.00 | OK | |
r-oldrel-macos-arm64 | 2.12.3 | 105.00 | OK | |||
r-oldrel-macos-x86_64 | 2.12.3 | 295.00 | OK | |||
r-oldrel-windows-x86_64 | 2.12.3 | 19.00 | 453.00 | 472.00 | OK |
Version: 2.12.3
Check: Rd cross-references
Result: NOTE
Found the following Rd file(s) with Rd \link{} targets missing package
anchors:
TimeoutException.Rd: Exception
Please provide package anchors for all Rd \link{} targets not in the
package itself and the base packages.
Flavor: r-devel-windows-x86_64