Last updated on 2025-05-03 21:51:28 CEST.
Flavor | Version | Tinstall | Tcheck | Ttotal | Status | Flags |
---|---|---|---|---|---|---|
r-devel-linux-x86_64-debian-clang | 1.8.2 | 2.26 | 23.90 | 26.16 | NOTE | |
r-devel-linux-x86_64-debian-gcc | 1.8.2 | 1.77 | 19.28 | 21.05 | NOTE | |
r-devel-linux-x86_64-fedora-clang | 1.8.2 | 40.88 | OK | |||
r-devel-linux-x86_64-fedora-gcc | 1.8.2 | 39.23 | OK | |||
r-devel-windows-x86_64 | 1.8.2 | 3.00 | 45.00 | 48.00 | OK | |
r-patched-linux-x86_64 | 1.8.2 | 1.88 | 22.89 | 24.77 | OK | |
r-release-linux-x86_64 | OK | |||||
r-release-macos-arm64 | 1.8.2 | 17.00 | OK | |||
r-release-macos-x86_64 | 1.8.2 | 34.00 | OK | |||
r-release-windows-x86_64 | 1.8.2 | 3.00 | 47.00 | 50.00 | OK | |
r-oldrel-macos-arm64 | 1.8.2 | 22.00 | OK | |||
r-oldrel-macos-x86_64 | 1.8.2 | 35.00 | OK | |||
r-oldrel-windows-x86_64 | 1.8.2 | 3.00 | 45.00 | 48.00 | OK |
Version: 1.8.2
Check: CRAN incoming feasibility
Result: NOTE
Maintainer: ‘Henrik Bengtsson <henrikb@braju.com>’
Package CITATION file contains call(s) to old-style citEntry(). Please
use bibentry() instead.
Flavors: r-devel-linux-x86_64-debian-clang, r-devel-linux-x86_64-debian-gcc