Last updated on 2025-05-03 21:51:28 CEST.
Flavor | Version | Tinstall | Tcheck | Ttotal | Status | Flags |
---|---|---|---|---|---|---|
r-devel-linux-x86_64-debian-clang | 3.7.0 | 4.35 | 52.98 | 57.33 | NOTE | |
r-devel-linux-x86_64-debian-gcc | 3.7.0 | 3.78 | 36.90 | 40.68 | NOTE | |
r-devel-linux-x86_64-fedora-clang | 3.7.0 | 96.22 | NOTE | |||
r-devel-linux-x86_64-fedora-gcc | 3.7.0 | 85.77 | NOTE | |||
r-devel-windows-x86_64 | 3.7.0 | 6.00 | 704.00 | 710.00 | NOTE | |
r-patched-linux-x86_64 | 3.7.0 | 3.77 | 50.75 | 54.52 | NOTE | |
r-release-linux-x86_64 | NOTE | |||||
r-release-macos-arm64 | 3.7.0 | 32.00 | NOTE | |||
r-release-macos-x86_64 | 3.7.0 | 50.00 | NOTE | |||
r-release-windows-x86_64 | 3.7.0 | 6.00 | 648.00 | 654.00 | NOTE | |
r-oldrel-macos-arm64 | 3.7.0 | 30.00 | NOTE | |||
r-oldrel-macos-x86_64 | 3.7.0 | 41.00 | NOTE | |||
r-oldrel-windows-x86_64 | 3.7.0 | 8.00 | 882.00 | 890.00 | NOTE |
Version: 3.7.0
Check: Rd files
Result: NOTE
checkRd: (-1) setOption.Matlab.Rd:37-39: Lost braces in \itemize; meant \describe ?
checkRd: (-1) setOption.Matlab.Rd:40-41: Lost braces in \itemize; meant \describe ?
Flavors: r-devel-linux-x86_64-debian-clang, r-devel-linux-x86_64-debian-gcc, r-devel-linux-x86_64-fedora-clang, r-devel-linux-x86_64-fedora-gcc, r-devel-windows-x86_64, r-patched-linux-x86_64, r-release-linux-x86_64, r-release-macos-arm64, r-release-macos-x86_64, r-release-windows-x86_64, r-oldrel-macos-arm64, r-oldrel-macos-x86_64, r-oldrel-windows-x86_64