Last updated on 2024-07-17 20:57:08 CEST.
Flavor | Version | Tinstall | Tcheck | Ttotal | Status | Flags |
---|---|---|---|---|---|---|
r-devel-linux-x86_64-debian-clang | 0.16.0 | 3.48 | 45.42 | 48.90 | NOTE | |
r-devel-linux-x86_64-debian-gcc | 0.16.0 | 2.84 | 34.10 | 36.94 | NOTE | |
r-devel-linux-x86_64-fedora-clang | 0.16.0 | 64.64 | NOTE | |||
r-devel-linux-x86_64-fedora-gcc | 0.16.0 | 62.56 | NOTE | |||
r-devel-windows-x86_64 | 0.16.0 | 5.00 | 575.00 | 580.00 | NOTE | |
r-patched-linux-x86_64 | 0.16.0 | 3.13 | 41.77 | 44.90 | NOTE | |
r-release-linux-x86_64 | 0.16.0 | 2.25 | 43.51 | 45.76 | NOTE | |
r-release-macos-arm64 | 0.16.0 | 38.00 | NOTE | |||
r-release-macos-x86_64 | 0.16.0 | 48.00 | NOTE | |||
r-release-windows-x86_64 | 0.16.0 | 4.00 | 530.00 | 534.00 | NOTE | |
r-oldrel-macos-arm64 | 0.16.0 | 40.00 | OK | |||
r-oldrel-macos-x86_64 | 0.16.0 | 47.00 | OK | |||
r-oldrel-windows-x86_64 | 0.16.0 | 5.00 | 192.00 | 197.00 | OK |
Version: 0.16.0
Check: Rd files
Result: NOTE
checkRd: (-1) R.cache-package.Rd:28-30: Lost braces in \itemize; meant \describe ?
checkRd: (-1) R.cache-package.Rd:31-34: Lost braces in \itemize; meant \describe ?
Flavors: r-devel-linux-x86_64-debian-clang, r-devel-linux-x86_64-debian-gcc, r-devel-linux-x86_64-fedora-clang, r-devel-linux-x86_64-fedora-gcc, r-devel-windows-x86_64, r-patched-linux-x86_64, r-release-linux-x86_64, r-release-macos-arm64, r-release-macos-x86_64, r-release-windows-x86_64